Last updated on 2025-04-29 13:51:30 CEST.
Flavor | Version | Tinstall | Tcheck | Ttotal | Status | Flags |
---|---|---|---|---|---|---|
r-devel-linux-x86_64-debian-clang | 0.5-5 | 3.49 | 75.66 | 79.15 | NOTE | |
r-devel-linux-x86_64-debian-gcc | 0.5-5 | 2.75 | 48.41 | 51.16 | NOTE | |
r-devel-linux-x86_64-fedora-clang | 0.5-5 | 130.90 | OK | |||
r-devel-linux-x86_64-fedora-gcc | 0.5-5 | 126.28 | OK | |||
r-devel-windows-x86_64 | 0.5-5 | 4.00 | 91.00 | 95.00 | OK | |
r-patched-linux-x86_64 | 0.5-5 | 4.34 | 72.37 | 76.71 | OK | |
r-release-linux-x86_64 | 0.5-5 | 3.13 | 72.67 | 75.80 | OK | |
r-release-macos-arm64 | 0.5-5 | 34.00 | OK | |||
r-release-macos-x86_64 | 0.5-5 | 84.00 | OK | |||
r-release-windows-x86_64 | 0.5-5 | 4.00 | 94.00 | 98.00 | OK | |
r-oldrel-macos-arm64 | 0.5-5 | 32.00 | OK | |||
r-oldrel-macos-x86_64 | 0.5-5 | 93.00 | OK | |||
r-oldrel-windows-x86_64 | 0.5-5 | 6.00 | 87.00 | 93.00 | OK |
Version: 0.5-5
Check: CRAN incoming feasibility
Result: NOTE
Maintainer: ‘Peter Macdonald <pdmmac@mcmaster.ca>’
No Authors@R field in DESCRIPTION.
Please add one, modifying
Authors@R: c(person(given = "Peter",
family = "Macdonald",
role = c("aut", "cre"),
email = "pdmmac@mcmaster.ca"),
person(given = c("with", "contributions", "from", "Juan"),
family = "Du",
role = "aut",
email = "duduyy@hotmail.com"))
as necessary.
Flavors: r-devel-linux-x86_64-debian-clang, r-devel-linux-x86_64-debian-gcc
Version: 0.5-5
Check: examples
Result: NOTE
Examples with CPU (user + system) or elapsed time > 5s
user system elapsed
mix 7.259 0.004 9.781
pike65sg 5.567 0.000 8.029
anova.mix 5.358 0.007 6.356
fitted.mix 5.342 0.004 6.813
Flavor: r-devel-linux-x86_64-debian-clang
Version: 0.5-5
Check: examples
Result: NOTE
Examples with CPU (user + system) or elapsed time > 5s
user system elapsed
mix 3.784 0.01 5.041
Flavor: r-devel-linux-x86_64-debian-gcc