Last updated on 2025-11-16 06:49:43 CET.
| Flavor | Version | Tinstall | Tcheck | Ttotal | Status | Flags |
|---|---|---|---|---|---|---|
| r-devel-linux-x86_64-debian-clang | 1.4.3 | 12.21 | 82.24 | 94.45 | OK | |
| r-devel-linux-x86_64-debian-gcc | 1.4.3 | 7.96 | 61.29 | 69.25 | NOTE | |
| r-devel-linux-x86_64-fedora-clang | 1.4.3 | 31.00 | 116.03 | 147.03 | OK | |
| r-devel-linux-x86_64-fedora-gcc | 1.4.3 | 30.00 | 107.40 | 137.40 | OK | |
| r-devel-windows-x86_64 | 1.4.3 | 15.00 | 90.00 | 105.00 | OK | |
| r-patched-linux-x86_64 | 1.4.3 | 13.01 | 79.39 | 92.40 | OK | |
| r-release-linux-x86_64 | 1.4.3 | 10.77 | 79.62 | 90.39 | OK | |
| r-release-macos-arm64 | 1.4.3 | 5.00 | 34.00 | 39.00 | OK | |
| r-release-macos-x86_64 | 1.4.3 | 10.00 | 62.00 | 72.00 | OK | |
| r-release-windows-x86_64 | 1.4.3 | 12.00 | 88.00 | 100.00 | OK | |
| r-oldrel-macos-arm64 | 1.4.3 | 5.00 | 40.00 | 45.00 | OK | |
| r-oldrel-macos-x86_64 | 1.4.3 | 10.00 | 64.00 | 74.00 | OK | |
| r-oldrel-windows-x86_64 | 1.4.3 | 17.00 | 125.00 | 142.00 | OK |
Version: 1.4.3
Check: CRAN incoming feasibility
Result: NOTE
Maintainer: ‘Kristian Hovde Liland <kristian.liland@nmbu.no>’
The BugReports field in DESCRIPTION has
https://github.com/khliland/mixlm/issues/
which should likely be
https://github.com/khliland/mixlm/issues/issues
instead.
Flavor: r-devel-linux-x86_64-debian-gcc