Last updated on 2025-05-01 14:49:15 CEST.
Flavor | Version | Tinstall | Tcheck | Ttotal | Status | Flags |
---|---|---|---|---|---|---|
r-devel-linux-x86_64-debian-clang | 0.4 | 32.20 | 210.87 | 243.07 | OK | |
r-devel-linux-x86_64-debian-gcc | 0.4 | 22.64 | 137.08 | 159.72 | OK | |
r-devel-linux-x86_64-fedora-clang | 0.4 | 392.54 | OK | |||
r-devel-linux-x86_64-fedora-gcc | 0.4 | 381.03 | OK | |||
r-devel-windows-x86_64 | 0.4 | 35.00 | 205.00 | 240.00 | OK | |
r-patched-linux-x86_64 | 0.4 | 29.44 | 201.88 | 231.32 | OK | |
r-release-linux-x86_64 | OK | |||||
r-release-macos-arm64 | 0.4 | 95.00 | OK | |||
r-release-macos-x86_64 | 0.4 | 276.00 | OK | |||
r-release-windows-x86_64 | 0.4 | 35.00 | 212.00 | 247.00 | OK | |
r-oldrel-macos-arm64 | 0.4 | 89.00 | OK | |||
r-oldrel-macos-x86_64 | 0.4 | 193.00 | OK | |||
r-oldrel-windows-x86_64 | 0.4 | 44.00 | 279.00 | 323.00 | OK |
Version: 0.4
Check: examples
Result: NA
user system elapsed
computeContourValues 2.632 0.003 6.637
OK
Flavor: r-devel-linux-x86_64-debian-gcc