Last updated on 2024-07-13 11:49:19 CEST.
Flavor | Version | Tinstall | Tcheck | Ttotal | Status | Flags |
---|---|---|---|---|---|---|
r-devel-linux-x86_64-debian-clang | 1.1-1 | 9.92 | 423.93 | 433.85 | OK | |
r-devel-linux-x86_64-debian-gcc | 1.1-1 | 8.47 | 319.21 | 327.68 | OK | |
r-devel-linux-x86_64-fedora-clang | 1.1-1 | 537.40 | OK | |||
r-devel-linux-x86_64-fedora-gcc | 1.1-1 | 536.51 | OK | |||
r-devel-windows-x86_64 | 1.1-1 | 11.00 | 365.00 | 376.00 | NOTE | |
r-patched-linux-x86_64 | 1.1-1 | 14.48 | 419.55 | 434.03 | OK | |
r-release-linux-x86_64 | 1.1-1 | 12.55 | 407.91 | 420.46 | OK | |
r-release-macos-arm64 | 1.1-1 | 154.00 | OK | |||
r-release-macos-x86_64 | 1.1-1 | 303.00 | OK | |||
r-release-windows-x86_64 | 1.1-1 | 11.00 | 363.00 | 374.00 | OK | |
r-oldrel-macos-arm64 | 1.1-1 | 168.00 | OK | |||
r-oldrel-macos-x86_64 | 1.1-1 | 290.00 | OK | |||
r-oldrel-windows-x86_64 | 1.1-1 | 14.00 | 460.00 | 474.00 | OK |
Version: 1.1-1
Check: Rd cross-references
Result: NOTE
Found the following Rd file(s) with Rd \link{} targets missing package
anchors:
mlogit.Rd: Formula
Please provide package anchors for all Rd \link{} targets not in the
package itself and the base packages.
Flavor: r-devel-windows-x86_64