Last updated on 2024-07-13 05:49:19 CEST.
Flavor | Version | Tinstall | Tcheck | Ttotal | Status | Flags |
---|---|---|---|---|---|---|
r-devel-linux-x86_64-debian-clang | 0.5.2 | 6.36 | 126.89 | 133.25 | OK | |
r-devel-linux-x86_64-debian-gcc | 0.5.2 | 4.63 | 91.08 | 95.71 | OK | |
r-devel-linux-x86_64-fedora-clang | 0.5.2 | 158.41 | OK | |||
r-devel-linux-x86_64-fedora-gcc | 0.5.2 | 149.57 | OK | |||
r-devel-windows-x86_64 | 0.5.2 | 5.00 | 107.00 | 112.00 | NOTE | |
r-patched-linux-x86_64 | 0.5.2 | 7.80 | 123.63 | 131.43 | OK | |
r-release-linux-x86_64 | 0.5.2 | 5.61 | 122.88 | 128.49 | OK | |
r-release-macos-arm64 | 0.5.2 | 52.00 | OK | |||
r-release-macos-x86_64 | 0.5.2 | 81.00 | OK | |||
r-release-windows-x86_64 | 0.5.2 | 6.00 | 110.00 | 116.00 | OK | |
r-oldrel-macos-arm64 | 0.5.2 | 55.00 | OK | |||
r-oldrel-macos-x86_64 | 0.5.2 | 147.00 | OK | |||
r-oldrel-windows-x86_64 | 0.5.2 | 7.00 | 141.00 | 148.00 | OK |
Version: 0.5.2
Check: Rd cross-references
Result: NOTE
Found the following Rd file(s) with Rd \link{} targets missing package
anchors:
as_duckdb_backend.Rd: DataBackendDataTable, as_data_backend,
DataBackend, Task
as_sqlite_backend.Rd: DataBackendDataTable, as_data_backend,
DataBackend, Task
Please provide package anchors for all Rd \link{} targets not in the
package itself and the base packages.
Flavor: r-devel-windows-x86_64