Last updated on 2025-05-17 07:50:24 CEST.
Flavor | Version | Tinstall | Tcheck | Ttotal | Status | Flags |
---|---|---|---|---|---|---|
r-devel-linux-x86_64-debian-clang | 0.10.0 | 11.05 | 142.56 | 153.61 | NOTE | |
r-devel-linux-x86_64-debian-gcc | 0.10.0 | 6.44 | 95.61 | 102.05 | NOTE | |
r-devel-linux-x86_64-fedora-clang | 0.10.0 | 251.20 | NOTE | |||
r-devel-linux-x86_64-fedora-gcc | 0.10.0 | 235.29 | NOTE | |||
r-devel-windows-x86_64 | 0.10.0 | 11.00 | 145.00 | 156.00 | OK | |
r-patched-linux-x86_64 | 0.10.0 | 11.47 | 132.09 | 143.56 | OK | |
r-release-linux-x86_64 | 0.10.0 | 10.40 | 131.14 | 141.54 | OK | |
r-release-macos-arm64 | 0.10.0 | 83.00 | OK | |||
r-release-macos-x86_64 | 0.10.0 | 135.00 | OK | |||
r-release-windows-x86_64 | 0.10.0 | 12.00 | 146.00 | 158.00 | OK | |
r-oldrel-macos-arm64 | 0.10.0 | 66.00 | OK | |||
r-oldrel-macos-x86_64 | 0.10.0 | 118.00 | OK | |||
r-oldrel-windows-x86_64 | 0.10.0 | 16.00 | 201.00 | 217.00 | OK |
Version: 0.10.0
Check: Rd cross-references
Result: NOTE
Unknown package ‘kknn’ in Rd xrefs
Flavors: r-devel-linux-x86_64-debian-clang, r-devel-linux-x86_64-debian-gcc, r-devel-linux-x86_64-fedora-clang, r-devel-linux-x86_64-fedora-gcc