Last updated on 2024-07-13 05:49:19 CEST.
Flavor | Version | Tinstall | Tcheck | Ttotal | Status | Flags |
---|---|---|---|---|---|---|
r-devel-linux-x86_64-debian-clang | 0.1.0 | 16.15 | 178.27 | 194.42 | OK | |
r-devel-linux-x86_64-debian-gcc | 0.1.0 | 13.67 | 131.68 | 145.35 | OK | |
r-devel-linux-x86_64-fedora-clang | 0.1.0 | 252.85 | OK | |||
r-devel-linux-x86_64-fedora-gcc | 0.1.0 | 226.90 | OK | |||
r-devel-windows-x86_64 | 0.1.0 | 16.00 | 210.00 | 226.00 | OK | |
r-patched-linux-x86_64 | 0.1.0 | 31.70 | 168.25 | 199.95 | OK | |
r-release-macos-arm64 | 0.1.0 | 73.00 | OK | |||
r-release-macos-x86_64 | 0.1.0 | 183.00 | OK | |||
r-release-windows-x86_64 | 0.1.0 | 21.00 | 210.00 | 231.00 | OK | |
r-oldrel-macos-arm64 | 0.1.0 | 10.00 | ERROR | |||
r-oldrel-macos-x86_64 | 0.1.0 | 12.00 | ERROR | |||
r-oldrel-windows-x86_64 | 0.1.0 | 17.00 | 238.00 | 255.00 | OK |
Version: 0.1.0
Check: package dependencies
Result: ERROR
Packages required and available but unsuitable versions:
'mlr3', 'mlr3pipelines', 'paradox'
See section ‘The DESCRIPTION file’ in the ‘Writing R Extensions’
manual.
Flavors: r-oldrel-macos-arm64, r-oldrel-macos-x86_64