Last updated on 2025-04-29 13:51:31 CEST.
Flavor | Version | Tinstall | Tcheck | Ttotal | Status | Flags |
---|---|---|---|---|---|---|
r-devel-linux-x86_64-debian-clang | 0.2.0 | 2.73 | 35.60 | 38.33 | NOTE | |
r-devel-linux-x86_64-debian-gcc | 0.2.0 | 1.74 | 25.59 | 27.33 | NOTE | |
r-devel-linux-x86_64-fedora-clang | 0.2.0 | 55.91 | NOTE | |||
r-devel-linux-x86_64-fedora-gcc | 0.2.0 | 53.38 | NOTE | |||
r-devel-windows-x86_64 | 0.2.0 | 6.00 | 59.00 | 65.00 | NOTE | |
r-patched-linux-x86_64 | 0.2.0 | 3.18 | 31.47 | 34.65 | NOTE | |
r-release-linux-x86_64 | 0.2.0 | 3.26 | 31.29 | 34.55 | NOTE | |
r-release-macos-arm64 | 0.2.0 | 26.00 | NOTE | |||
r-release-macos-x86_64 | 0.2.0 | 43.00 | NOTE | |||
r-release-windows-x86_64 | 0.2.0 | 8.00 | 56.00 | 64.00 | NOTE | |
r-oldrel-macos-arm64 | 0.2.0 | 21.00 | OK | |||
r-oldrel-macos-x86_64 | 0.2.0 | 29.00 | OK | |||
r-oldrel-windows-x86_64 | 0.2.0 | 6.00 | 63.00 | 69.00 | OK |
Version: 0.2.0
Check: DESCRIPTION meta-information
Result: NOTE
Missing dependency on R >= 4.1.0 because package code uses the pipe
|> or function shorthand \(...) syntax added in R 4.1.0.
File(s) using such syntax:
‘BF_for_everyone.R’ ‘rc_game_mgmt.R’
Flavors: r-devel-linux-x86_64-debian-clang, r-devel-linux-x86_64-debian-gcc, r-devel-linux-x86_64-fedora-clang, r-devel-linux-x86_64-fedora-gcc, r-devel-windows-x86_64, r-patched-linux-x86_64, r-release-linux-x86_64, r-release-macos-arm64, r-release-macos-x86_64, r-release-windows-x86_64