Last updated on 2025-11-16 12:49:36 CET.
| Flavor | Version | Tinstall | Tcheck | Ttotal | Status | Flags |
|---|---|---|---|---|---|---|
| r-devel-linux-x86_64-debian-clang | 2.5.0 | 10.13 | 74.93 | 85.06 | OK | |
| r-devel-linux-x86_64-debian-gcc | 2.5.0 | 7.73 | 54.51 | 62.24 | NOTE | |
| r-devel-linux-x86_64-fedora-clang | 2.5.0 | 67.00 | 72.67 | 139.67 | OK | |
| r-devel-linux-x86_64-fedora-gcc | 2.5.0 | 42.00 | 96.43 | 138.43 | OK | |
| r-devel-windows-x86_64 | 2.5.0 | 14.00 | 91.00 | 105.00 | OK | |
| r-patched-linux-x86_64 | 2.5.0 | 11.47 | 69.28 | 80.75 | OK | |
| r-release-linux-x86_64 | 2.5.0 | 10.66 | 68.86 | 79.52 | OK | |
| r-release-macos-arm64 | 2.5.0 | 4.00 | 32.00 | 36.00 | OK | |
| r-release-macos-x86_64 | 2.5.0 | 10.00 | 63.00 | 73.00 | OK | |
| r-release-windows-x86_64 | 2.5.0 | 12.00 | 91.00 | 103.00 | OK | |
| r-oldrel-macos-arm64 | 2.5.0 | 5.00 | 37.00 | 42.00 | OK | |
| r-oldrel-macos-x86_64 | 2.5.0 | 6.00 | 53.00 | 59.00 | OK | |
| r-oldrel-windows-x86_64 | 2.5.0 | 16.00 | 114.00 | 130.00 | OK |
Version: 2.5.0
Check: CRAN incoming feasibility
Result: NOTE
Maintainer: ‘Vincent Arel-Bundock <vincent.arel-bundock@umontreal.ca>’
The BugReports field in DESCRIPTION has
https://github.com/vincentarelbundock/modelsummary/issues/
which should likely be
https://github.com/vincentarelbundock/modelsummary/issues/issues
instead.
Flavor: r-devel-linux-x86_64-debian-gcc