Last updated on 2024-07-13 11:49:19 CEST.
Flavor | Version | Tinstall | Tcheck | Ttotal | Status | Flags |
---|---|---|---|---|---|---|
r-devel-linux-x86_64-debian-clang | 0.1 | 7.13 | 48.83 | 55.96 | NOTE | |
r-devel-linux-x86_64-debian-gcc | 0.1 | 5.05 | 36.30 | 41.35 | NOTE | |
r-devel-linux-x86_64-fedora-clang | 0.1 | 67.99 | NOTE | |||
r-devel-linux-x86_64-fedora-gcc | 0.1 | 75.31 | NOTE | |||
r-devel-windows-x86_64 | 0.1 | 7.00 | 55.00 | 62.00 | NOTE | |
r-patched-linux-x86_64 | 0.1 | 5.51 | 46.14 | 51.65 | NOTE | |
r-release-linux-x86_64 | 0.1 | 3.62 | 45.82 | 49.44 | NOTE | |
r-release-macos-arm64 | 0.1 | 31.00 | NOTE | |||
r-release-macos-x86_64 | 0.1 | 50.00 | NOTE | |||
r-release-windows-x86_64 | 0.1 | 6.00 | 58.00 | 64.00 | NOTE | |
r-oldrel-macos-arm64 | 0.1 | 30.00 | NOTE | |||
r-oldrel-macos-x86_64 | 0.1 | 43.00 | NOTE | |||
r-oldrel-windows-x86_64 | 0.1 | 8.00 | 67.00 | 75.00 | NOTE |
Version: 0.1
Check: LazyData
Result: NOTE
'LazyData' is specified without a 'data' directory
Flavors: r-devel-linux-x86_64-debian-clang, r-devel-linux-x86_64-debian-gcc, r-devel-linux-x86_64-fedora-clang, r-devel-linux-x86_64-fedora-gcc, r-devel-windows-x86_64, r-patched-linux-x86_64, r-release-linux-x86_64, r-release-macos-arm64, r-release-macos-x86_64, r-release-windows-x86_64, r-oldrel-macos-arm64, r-oldrel-macos-x86_64, r-oldrel-windows-x86_64