Last updated on 2025-04-29 13:51:31 CEST.
Flavor | Version | Tinstall | Tcheck | Ttotal | Status | Flags |
---|---|---|---|---|---|---|
r-devel-linux-x86_64-debian-clang | 0.1.4.1 | 3.13 | 18.53 | 21.66 | NOTE | |
r-devel-linux-x86_64-debian-gcc | 0.1.4.1 | 2.68 | 14.77 | 17.45 | NOTE | |
r-devel-linux-x86_64-fedora-clang | 0.1.4.1 | 33.12 | OK | |||
r-devel-linux-x86_64-fedora-gcc | 0.1.4.1 | 32.91 | OK | |||
r-devel-windows-x86_64 | 0.1.4.1 | 6.00 | 45.00 | 51.00 | OK | |
r-patched-linux-x86_64 | 0.1.4.1 | 3.46 | 17.79 | 21.25 | OK | |
r-release-linux-x86_64 | 0.1.4.1 | 3.32 | 17.72 | 21.04 | OK | |
r-release-macos-arm64 | 0.1.4.1 | 17.00 | OK | |||
r-release-macos-x86_64 | 0.1.4.1 | 27.00 | OK | |||
r-release-windows-x86_64 | 0.1.4.1 | 6.00 | 48.00 | 54.00 | OK | |
r-oldrel-macos-arm64 | 0.1.4.1 | 16.00 | OK | |||
r-oldrel-macos-x86_64 | 0.1.4.1 | 23.00 | OK | |||
r-oldrel-windows-x86_64 | 0.1.4.1 | 6.00 | 44.00 | 50.00 | OK |
Version: 0.1.4.1
Check: CRAN incoming feasibility
Result: NOTE
Maintainer: ‘Scott Kostyshak <scott.kostyshak@gmail.com>’
No Authors@R field in DESCRIPTION.
Please add one, modifying
Authors@R: c(person(given = c("This", "version", "Kay"),
family = "Pilz",
role = "aut"),
person(given = c("Steffanie", "Titoff.", "Earlier", "developements", "by", "Holger"),
family = "Dette",
role = "aut"),
person(given = "Kay",
family = "Pilz.",
role = "aut"),
person(given = "Scott",
family = "Kostyshak",
role = "cre",
email = "scott.kostyshak@gmail.com"))
as necessary.
Flavors: r-devel-linux-x86_64-debian-clang, r-devel-linux-x86_64-debian-gcc