Last updated on 2024-07-13 11:49:19 CEST.
Flavor | Version | Tinstall | Tcheck | Ttotal | Status | Flags |
---|---|---|---|---|---|---|
r-devel-linux-x86_64-debian-clang | 2.1 | 41.21 | 398.77 | 439.98 | OK | |
r-devel-linux-x86_64-debian-gcc | 2.1 | 35.82 | 283.35 | 319.17 | OK | |
r-devel-linux-x86_64-fedora-clang | 2.1 | 532.34 | NOTE | |||
r-devel-linux-x86_64-fedora-gcc | 2.1 | 493.99 | NOTE | |||
r-devel-windows-x86_64 | 2.1 | 32.00 | 232.00 | 264.00 | OK | |
r-patched-linux-x86_64 | 2.1 | 39.96 | 376.95 | 416.91 | OK | |
r-release-linux-x86_64 | 2.1 | 43.81 | 378.75 | 422.56 | OK | |
r-release-macos-arm64 | 2.1 | 114.00 | OK | |||
r-release-macos-x86_64 | 2.1 | 187.00 | OK | |||
r-release-windows-x86_64 | 2.1 | 32.00 | 240.00 | 272.00 | OK | |
r-oldrel-macos-arm64 | 2.1 | 130.00 | OK | |||
r-oldrel-macos-x86_64 | 2.1 | 304.00 | OK | |||
r-oldrel-windows-x86_64 | 2.1 | 43.00 | 333.00 | 376.00 | OK |
Version: 2.1
Check: data for non-ASCII characters
Result: NOTE
Note: found 3 marked UTF-8 strings
Flavors: r-devel-linux-x86_64-fedora-clang, r-devel-linux-x86_64-fedora-gcc