Last updated on 2025-11-16 06:49:44 CET.
| Flavor | Version | Tinstall | Tcheck | Ttotal | Status | Flags |
|---|---|---|---|---|---|---|
| r-devel-linux-x86_64-debian-clang | 0.4-2.26 | 27.30 | 123.99 | 151.29 | NOTE | |
| r-devel-linux-x86_64-debian-gcc | 0.4-2.26 | 18.23 | 92.35 | 110.58 | NOTE | |
| r-devel-linux-x86_64-fedora-clang | 0.4-2.26 | 51.00 | 180.94 | 231.94 | OK | |
| r-devel-linux-x86_64-fedora-gcc | 0.4-2.26 | 58.00 | 174.84 | 232.84 | OK | |
| r-devel-windows-x86_64 | 0.4-2.26 | 47.00 | 175.00 | 222.00 | OK | |
| r-patched-linux-x86_64 | 0.4-2.26 | 24.42 | 123.10 | 147.52 | OK | |
| r-release-linux-x86_64 | 0.4-2.26 | 23.74 | 121.80 | 145.54 | OK | |
| r-release-macos-arm64 | 0.4-2.26 | 18.00 | 76.00 | 94.00 | OK | |
| r-release-macos-x86_64 | 0.4-2.26 | 21.00 | 131.00 | 152.00 | OK | |
| r-release-windows-x86_64 | 0.4-2.26 | 42.00 | 173.00 | 215.00 | OK | |
| r-oldrel-macos-arm64 | 0.4-2.26 | 16.00 | 64.00 | 80.00 | OK | |
| r-oldrel-macos-x86_64 | 0.4-2.26 | 27.00 | 171.00 | 198.00 | OK | |
| r-oldrel-windows-x86_64 | 0.4-2.26 | 48.00 | 204.00 | 252.00 | OK |
Version: 0.4-2.26
Check: CRAN incoming feasibility
Result: NOTE
Maintainer: ‘Zhu Wang <zwang145@uthsc.edu>’
No Authors@R field in DESCRIPTION.
Please add one, modifying
Authors@R: c(person(given = "Zhu",
family = "Wang",
role = c("aut", "cre"),
email = "zwang145@uthsc.edu"),
person(given = c("with", "contributions", "from", "Achim"),
family = "Zeileis",
role = "aut"),
person(given = "Simon",
family = "Jackman",
role = "aut"),
person(given = "Brian",
family = "Ripley",
role = "aut"),
person(given = "Patrick",
family = "Breheny",
role = "aut"))
as necessary.
The BugReports field in DESCRIPTION has
https://github.com/zhuwang46/mpath
which should likely be
https://github.com/zhuwang46/mpath/issues
instead.
Flavors: r-devel-linux-x86_64-debian-clang, r-devel-linux-x86_64-debian-gcc