Last updated on 2025-04-29 13:51:31 CEST.
Flavor | Version | Tinstall | Tcheck | Ttotal | Status | Flags |
---|---|---|---|---|---|---|
r-devel-linux-x86_64-debian-clang | 0.1.1 | 1.96 | 18.44 | 20.40 | NOTE | |
r-devel-linux-x86_64-debian-gcc | 0.1.1 | 1.48 | 14.76 | 16.24 | NOTE | |
r-devel-linux-x86_64-fedora-clang | 0.1.1 | 31.56 | OK | |||
r-devel-linux-x86_64-fedora-gcc | 0.1.1 | 31.16 | OK | |||
r-devel-windows-x86_64 | 0.1.1 | 3.00 | 47.00 | 50.00 | OK | |
r-patched-linux-x86_64 | 0.1.1 | 1.59 | 17.45 | 19.04 | OK | |
r-release-linux-x86_64 | 0.1.1 | 1.79 | 17.67 | 19.46 | OK | |
r-release-macos-arm64 | 0.1.1 | 18.00 | OK | |||
r-release-macos-x86_64 | 0.1.1 | 27.00 | OK | |||
r-release-windows-x86_64 | 0.1.1 | 2.00 | 47.00 | 49.00 | OK | |
r-oldrel-macos-arm64 | 0.1.1 | 15.00 | OK | |||
r-oldrel-macos-x86_64 | 0.1.1 | 22.00 | OK | |||
r-oldrel-windows-x86_64 | 0.1.1 | 3.00 | 41.00 | 44.00 | OK |
Version: 0.1.1
Check: CRAN incoming feasibility
Result: NOTE
Maintainer: ‘Siqi Xu <sqxu@hku.hk>’
No Authors@R field in DESCRIPTION.
Please add one, modifying
Authors@R: person(given = "Siqi",
family = "Xu",
role = c("aut", "cre"),
email = "sqxu@hku.hk")
as necessary.
Flavors: r-devel-linux-x86_64-debian-clang, r-devel-linux-x86_64-debian-gcc