CRAN Package Check Results for Package mritc

Last updated on 2025-04-29 13:51:31 CEST.

Flavor Version Tinstall Tcheck Ttotal Status Flags
r-devel-linux-x86_64-debian-clang 0.5-3 11.05 67.04 78.09 NOTE
r-devel-linux-x86_64-debian-gcc 0.5-3 8.98 52.12 61.10 NOTE
r-devel-linux-x86_64-fedora-clang 0.5-3 128.47 OK
r-devel-linux-x86_64-fedora-gcc 0.5-3 124.46 OK
r-devel-windows-x86_64 0.5-3 13.00 88.00 101.00 OK
r-patched-linux-x86_64 0.5-3 11.02 63.69 74.71 OK
r-release-linux-x86_64 0.5-3 10.57 64.66 75.23 OK
r-release-windows-x86_64 0.5-3 16.00 105.00 121.00 OK
r-oldrel-windows-x86_64 0.5-3 19.00 103.00 122.00 OK

Check Details

Version: 0.5-3
Check: CRAN incoming feasibility
Result: NOTE Maintainer: ‘Jon Clayden <code@clayden.org>’ Package CITATION file contains call(s) to old-style personList() or as.personList(). Please use c() on person objects instead. Package CITATION file contains call(s) to old-style citEntry(). Please use bibentry() instead. Flavors: r-devel-linux-x86_64-debian-clang, r-devel-linux-x86_64-debian-gcc