CRAN Package Check Results for Package msir

Last updated on 2025-11-16 12:49:37 CET.

Flavor Version Tinstall Tcheck Ttotal Status Flags
r-devel-linux-x86_64-debian-clang 1.3.3 3.01 45.19 48.20 NOTE
r-devel-linux-x86_64-debian-gcc 1.3.3 2.15 34.98 37.13 NOTE
r-devel-linux-x86_64-fedora-clang 1.3.3 10.00 64.85 74.85 OK
r-devel-linux-x86_64-fedora-gcc 1.3.3 82.80 OK
r-devel-windows-x86_64 1.3.3 6.00 60.00 66.00 OK
r-patched-linux-x86_64 1.3.3 3.45 42.30 45.75 OK
r-release-linux-x86_64 1.3.3 2.97 42.10 45.07 OK
r-release-macos-arm64 1.3.3 2.00 35.00 37.00 OK
r-release-macos-x86_64 1.3.3 4.00 71.00 75.00 OK
r-release-windows-x86_64 1.3.3 4.00 61.00 65.00 OK
r-oldrel-macos-arm64 1.3.3 2.00 27.00 29.00 NOTE
r-oldrel-macos-x86_64 1.3.3 2.00 55.00 57.00 NOTE
r-oldrel-windows-x86_64 1.3.3 4.00 73.00 77.00 NOTE

Check Details

Version: 1.3.3
Check: CRAN incoming feasibility
Result: NOTE Maintainer: ‘Luca Scrucca <luca.scrucca@unipg.it>’ Package CITATION file contains call(s) to old-style personList() or as.personList(). Please use c() on person objects instead. Package CITATION file contains call(s) to old-style citEntry(). Please use bibentry() instead. Flavors: r-devel-linux-x86_64-debian-clang, r-devel-linux-x86_64-debian-gcc

Version: 1.3.3
Check: LazyData
Result: NOTE 'LazyData' is specified without a 'data' directory Flavors: r-oldrel-macos-arm64, r-oldrel-macos-x86_64, r-oldrel-windows-x86_64