Last updated on 2025-11-16 06:49:44 CET.
| Flavor | Version | Tinstall | Tcheck | Ttotal | Status | Flags |
|---|---|---|---|---|---|---|
| r-devel-linux-x86_64-debian-clang | 1.8.2 | 25.69 | 253.74 | 279.43 | NOTE | |
| r-devel-linux-x86_64-debian-gcc | 1.8.2 | 16.51 | 167.55 | 184.06 | OK | |
| r-devel-linux-x86_64-fedora-clang | 1.8.2 | 133.00 | 341.44 | 474.44 | OK | |
| r-devel-linux-x86_64-fedora-gcc | 1.8.2 | 101.00 | 377.87 | 478.87 | OK | |
| r-devel-windows-x86_64 | 1.8.2 | 40.00 | 263.00 | 303.00 | NOTE | |
| r-patched-linux-x86_64 | 1.8.2 | 26.23 | 246.27 | 272.50 | OK | |
| r-release-linux-x86_64 | 1.8.2 | 24.52 | 245.87 | 270.39 | OK | |
| r-release-macos-arm64 | 1.8.2 | 12.00 | 119.00 | 131.00 | OK | |
| r-release-macos-x86_64 | 1.8.2 | 23.00 | 246.00 | 269.00 | OK | |
| r-release-windows-x86_64 | 1.8.2 | 32.00 | 259.00 | 291.00 | OK | |
| r-oldrel-macos-arm64 | 1.8.2 | 14.00 | 123.00 | 137.00 | OK | |
| r-oldrel-macos-x86_64 | 1.8.2 | 23.00 | 219.00 | 242.00 | OK | |
| r-oldrel-windows-x86_64 | 1.8.2 | 39.00 | 351.00 | 390.00 | OK |
Version: 1.8.2
Check: Rd files
Result: NOTE
checkRd: (-1) msm2Surv.Rd:77-88: Only 11 columns allowed in this table (row 1 has 10)
checkRd: (-1) msm2Surv.Rd:77-88: Only 11 columns allowed in this table (row 2 has 10)
checkRd: (-1) msm2Surv.Rd:77-88: Only 11 columns allowed in this table (row 3 has 10)
checkRd: (-1) msm2Surv.Rd:77-88: Only 11 columns allowed in this table (row 4 has 10)
checkRd: (-1) msm2Surv.Rd:77-88: Only 11 columns allowed in this table (row 5 has 10)
checkRd: (-1) msm2Surv.Rd:77-88: Only 11 columns allowed in this table (row 6 has 10)
checkRd: (-1) msm2Surv.Rd:77-88: Only 11 columns allowed in this table (row 7 has 10)
checkRd: (-1) msm2Surv.Rd:77-88: Only 11 columns allowed in this table (row 8 has 10)
checkRd: (-1) msm2Surv.Rd:77-88: Only 11 columns allowed in this table (row 9 has 10)
checkRd: (-1) msm2Surv.Rd:77-88: Only 11 columns allowed in this table (row 10 has 10)
Flavors: r-devel-linux-x86_64-debian-clang, r-devel-windows-x86_64