Last updated on 2025-04-29 13:51:31 CEST.
Flavor | Version | Tinstall | Tcheck | Ttotal | Status | Flags |
---|---|---|---|---|---|---|
r-devel-linux-x86_64-debian-clang | 1.2 | 3.94 | 36.21 | 40.15 | NOTE | |
r-devel-linux-x86_64-debian-gcc | 1.2 | 2.69 | 25.39 | 28.08 | NOTE | |
r-devel-linux-x86_64-fedora-clang | 1.2 | 61.60 | OK | |||
r-devel-linux-x86_64-fedora-gcc | 1.2 | 62.29 | OK | |||
r-devel-windows-x86_64 | 1.2 | 5.00 | 60.00 | 65.00 | OK | |
r-patched-linux-x86_64 | 1.2 | 5.88 | 33.73 | 39.61 | OK | |
r-release-linux-x86_64 | 1.2 | 3.82 | 33.76 | 37.58 | OK | |
r-release-macos-arm64 | 1.2 | 24.00 | OK | |||
r-release-macos-x86_64 | 1.2 | 50.00 | OK | |||
r-release-windows-x86_64 | 1.2 | 4.00 | 64.00 | 68.00 | OK | |
r-oldrel-macos-arm64 | 1.2 | 19.00 | OK | |||
r-oldrel-macos-x86_64 | 1.2 | 41.00 | OK | |||
r-oldrel-windows-x86_64 | 1.2 | 6.00 | 57.00 | 63.00 | OK |
Version: 1.2
Check: CRAN incoming feasibility
Result: NOTE
Maintainer: ‘David Magis <david.magis@uliege.be>’
No Authors@R field in DESCRIPTION.
Please add one, modifying
Authors@R: c(person(given = "David",
family = "Magis",
role = c("aut", "cre"),
email = "david.magis@uliege.be",
comment = "U Liege, Belgium"),
person(given = "Duanli",
family = "Yan",
role = "aut",
comment = "ETS, USA"),
person(given = "Alina",
family = "von Davier",
role = "aut",
comment = "ACTNext, USA"))
as necessary.
Flavors: r-devel-linux-x86_64-debian-clang, r-devel-linux-x86_64-debian-gcc