Last updated on 2025-04-30 01:50:28 CEST.
Flavor | Version | Tinstall | Tcheck | Ttotal | Status | Flags |
---|---|---|---|---|---|---|
r-devel-linux-x86_64-debian-clang | 1.1.2 | 4.57 | 513.17 | 517.74 | NOTE | |
r-devel-linux-x86_64-debian-gcc | 1.1.2 | 3.64 | 340.38 | 344.02 | OK | |
r-devel-linux-x86_64-fedora-clang | 1.1.2 | 828.79 | OK | |||
r-devel-linux-x86_64-fedora-gcc | 1.1.2 | 906.74 | OK | |||
r-devel-windows-x86_64 | 1.1.2 | 7.00 | 550.00 | 557.00 | OK | |
r-patched-linux-x86_64 | 1.1.2 | 3.99 | 491.60 | 495.59 | OK | |
r-release-linux-x86_64 | 1.1.2 | 4.60 | 482.77 | 487.37 | OK | |
r-release-macos-arm64 | 1.1.2 | 248.00 | OK | |||
r-release-macos-x86_64 | 1.1.2 | 469.00 | OK | |||
r-release-windows-x86_64 | 1.1.2 | 8.00 | 529.00 | 537.00 | OK | |
r-oldrel-macos-arm64 | 1.1.2 | 232.00 | OK | |||
r-oldrel-macos-x86_64 | 1.1.2 | 658.00 | OK | |||
r-oldrel-windows-x86_64 | 1.1.2 | 8.00 | 638.00 | 646.00 | OK |
Version: 1.1.2
Check: examples
Result: NOTE
Examples with CPU (user + system) or elapsed time > 5s
user system elapsed
plotmtd 6.606 0.016 7.091
Flavor: r-devel-linux-x86_64-debian-clang