Last updated on 2025-11-16 18:49:37 CET.
| Flavor | Version | Tinstall | Tcheck | Ttotal | Status | Flags |
|---|---|---|---|---|---|---|
| r-devel-linux-x86_64-debian-clang | 0.1.0 | 4.85 | 38.39 | 43.24 | OK | |
| r-devel-linux-x86_64-debian-gcc | 0.1.0 | 3.69 | 29.55 | 33.24 | OK | |
| r-devel-linux-x86_64-fedora-clang | 0.1.0 | 11.00 | 52.54 | 63.54 | OK | |
| r-devel-linux-x86_64-fedora-gcc | 0.1.0 | 10.00 | 50.40 | 60.40 | OK | |
| r-devel-windows-x86_64 | 0.1.0 | 10.00 | 52.00 | 62.00 | OK | |
| r-patched-linux-x86_64 | 0.1.0 | 4.90 | 34.77 | 39.67 | OK | |
| r-release-linux-x86_64 | 0.1.0 | 3.49 | 34.49 | 37.98 | OK | |
| r-release-macos-arm64 | 0.1.0 | 2.00 | 19.00 | 21.00 | OK | |
| r-release-macos-x86_64 | 0.1.0 | 5.00 | 43.00 | 48.00 | OK | |
| r-release-windows-x86_64 | 0.1.0 | 8.00 | 50.00 | 58.00 | OK | |
| r-oldrel-macos-arm64 | 0.1.0 | 3.00 | 21.00 | 24.00 | NOTE | |
| r-oldrel-macos-x86_64 | 0.1.0 | 5.00 | 40.00 | 45.00 | NOTE | |
| r-oldrel-windows-x86_64 | 0.1.0 | 8.00 | 58.00 | 66.00 | NOTE |
Version: 0.1.0
Check: LazyData
Result: NOTE
'LazyData' is specified without a 'data' directory
Flavors: r-oldrel-macos-arm64, r-oldrel-macos-x86_64, r-oldrel-windows-x86_64