Last updated on 2025-10-24 11:50:52 CEST.
| Flavor | Version | Tinstall | Tcheck | Ttotal | Status | Flags |
|---|---|---|---|---|---|---|
| r-devel-linux-x86_64-debian-clang | 0.1.0 | 4.71 | 38.38 | 43.09 | OK | |
| r-devel-linux-x86_64-debian-gcc | 0.1.0 | 4.02 | 28.68 | 32.70 | OK | |
| r-devel-linux-x86_64-fedora-clang | 0.1.0 | 16.00 | 50.32 | 66.32 | OK | |
| r-devel-linux-x86_64-fedora-gcc | 0.1.0 | 59.96 | OK | |||
| r-devel-windows-x86_64 | 0.1.0 | 6.00 | 52.00 | 58.00 | OK | |
| r-patched-linux-x86_64 | 0.1.0 | 4.88 | 35.14 | 40.02 | OK | |
| r-release-linux-x86_64 | 0.1.0 | 4.92 | 34.82 | 39.74 | OK | |
| r-release-macos-arm64 | 0.1.0 | 2.00 | 19.00 | 21.00 | OK | |
| r-release-macos-x86_64 | 0.1.0 | 5.00 | 43.00 | 48.00 | OK | |
| r-release-windows-x86_64 | 0.1.0 | 7.00 | 53.00 | 60.00 | OK | |
| r-oldrel-macos-arm64 | 0.1.0 | 3.00 | 21.00 | 24.00 | NOTE | |
| r-oldrel-macos-x86_64 | 0.1.0 | 5.00 | 40.00 | 45.00 | NOTE | |
| r-oldrel-windows-x86_64 | 0.1.0 | 8.00 | 64.00 | 72.00 | NOTE |
Version: 0.1.0
Check: LazyData
Result: NOTE
'LazyData' is specified without a 'data' directory
Flavors: r-oldrel-macos-arm64, r-oldrel-macos-x86_64, r-oldrel-windows-x86_64