Last updated on 2025-04-29 19:50:38 CEST.
Flavor | Version | Tinstall | Tcheck | Ttotal | Status | Flags |
---|---|---|---|---|---|---|
r-devel-linux-x86_64-debian-clang | 1.1.1 | 23.22 | 151.05 | 174.27 | NOTE | |
r-devel-linux-x86_64-debian-gcc | 1.1.1 | 18.12 | 100.61 | 118.73 | NOTE | |
r-devel-linux-x86_64-fedora-clang | 1.1.1 | 278.55 | OK | |||
r-devel-linux-x86_64-fedora-gcc | 1.1.1 | 279.90 | OK | |||
r-devel-windows-x86_64 | 1.1.1 | 27.00 | 252.00 | 279.00 | OK | |
r-patched-linux-x86_64 | 1.1.1 | 23.81 | 138.95 | 162.76 | OK | |
r-release-linux-x86_64 | 1.1.1 | 21.99 | 136.53 | 158.52 | OK | |
r-release-macos-arm64 | 1.1.1 | 126.00 | OK | |||
r-release-macos-x86_64 | 1.1.1 | 345.00 | OK | |||
r-release-windows-x86_64 | 1.1.1 | 27.00 | 267.00 | 294.00 | OK | |
r-oldrel-macos-arm64 | 1.1.1 | 125.00 | OK | |||
r-oldrel-macos-x86_64 | 1.1.1 | 178.00 | OK | |||
r-oldrel-windows-x86_64 | 1.1.1 | 33.00 | 344.00 | 377.00 | OK |
Version: 1.1.1
Check: examples
Result: NOTE
Examples with CPU (user + system) or elapsed time > 5s
user system elapsed
plot_graph 5.264 0.161 12.564
plot_barplot 4.275 0.080 12.680
plot_lollipop 4.083 0.175 11.016
plot_heatmap 4.005 0.141 12.334
reshape_results 3.192 0.048 9.945
run_test 1.363 0.030 14.377
ora-class 0.601 0.122 8.136
Flavor: r-devel-linux-x86_64-debian-clang
Version: 1.1.1
Check: examples
Result: NOTE
Examples with CPU (user + system) or elapsed time > 5s
user system elapsed
plot_graph 2.586 0.102 8.371
plot_lollipop 2.214 0.089 7.384
plot_heatmap 2.022 0.092 6.705
plot_barplot 1.902 0.093 7.064
reshape_results 1.765 0.041 6.760
run_test 0.625 0.015 8.182
Flavor: r-devel-linux-x86_64-debian-gcc