Last updated on 2025-04-29 13:51:31 CEST.
Flavor | Version | Tinstall | Tcheck | Ttotal | Status | Flags |
---|---|---|---|---|---|---|
r-devel-linux-x86_64-debian-clang | 2.0 | 1.66 | 25.20 | 26.86 | NOTE | |
r-devel-linux-x86_64-debian-gcc | 2.0 | 1.54 | 19.23 | 20.77 | NOTE | |
r-devel-linux-x86_64-fedora-clang | 2.0 | 42.63 | OK | |||
r-devel-linux-x86_64-fedora-gcc | 2.0 | 43.85 | OK | |||
r-devel-windows-x86_64 | 2.0 | 3.00 | 45.00 | 48.00 | OK | |
r-patched-linux-x86_64 | 2.0 | 2.22 | 24.52 | 26.74 | OK | |
r-release-linux-x86_64 | 2.0 | 1.80 | 24.15 | 25.95 | OK | |
r-release-macos-arm64 | 2.0 | 21.00 | OK | |||
r-release-macos-x86_64 | 2.0 | 38.00 | OK | |||
r-release-windows-x86_64 | 2.0 | 3.00 | 47.00 | 50.00 | OK | |
r-oldrel-macos-arm64 | 2.0 | 17.00 | OK | |||
r-oldrel-macos-x86_64 | 2.0 | 31.00 | OK | |||
r-oldrel-windows-x86_64 | 2.0 | 3.00 | 44.00 | 47.00 | OK |
Version: 2.0
Check: CRAN incoming feasibility
Result: NOTE
Maintainer: ‘R. Salmeron <romansg@ugr.es>’
No Authors@R field in DESCRIPTION.
Please add one, modifying
Authors@R: c(person(given = "R.",
family = "Salmeron",
role = c("aut", "cre"),
email = "romansg@ugr.es"),
person(given = "C.",
family = "Garcia",
role = "aut"),
person(given = "J.",
family = "Garcia",
role = "aut"))
as necessary.
Flavors: r-devel-linux-x86_64-debian-clang, r-devel-linux-x86_64-debian-gcc