CRAN Package Check Results for Package multiblock

Last updated on 2025-11-16 00:48:38 CET.

Flavor Version Tinstall Tcheck Ttotal Status Flags
r-devel-linux-x86_64-debian-clang 0.8.10 39.34 224.79 264.13 OK
r-devel-linux-x86_64-debian-gcc 0.8.10 26.94 167.06 194.00 NOTE
r-devel-linux-x86_64-fedora-clang 0.8.10 217.00 227.83 444.83 OK
r-devel-linux-x86_64-fedora-gcc 0.8.10 183.00 319.93 502.93 OK
r-devel-windows-x86_64 0.8.10 52.00 239.00 291.00 OK
r-patched-linux-x86_64 0.8.10 37.27 241.27 278.54 OK
r-release-linux-x86_64 0.8.10 36.56 218.38 254.94 OK
r-release-macos-arm64 0.8.10 17.00 102.00 119.00 OK
r-release-macos-x86_64 0.8.10 29.00 168.00 197.00 OK
r-release-windows-x86_64 0.8.10 42.00 235.00 277.00 OK
r-oldrel-macos-arm64 0.8.10 17.00 107.00 124.00 NOTE
r-oldrel-macos-x86_64 0.8.10 30.00 186.00 216.00 NOTE
r-oldrel-windows-x86_64 0.8.10 58.00 329.00 387.00 OK

Check Details

Version: 0.8.10
Check: CRAN incoming feasibility
Result: NOTE Maintainer: ‘Kristian Hovde Liland <kristian.liland@nmbu.no>’ The BugReports field in DESCRIPTION has https://github.com/khliland/multiblock/issues/ which should likely be https://github.com/khliland/multiblock/issues/issues instead. Flavor: r-devel-linux-x86_64-debian-gcc

Version: 0.8.10
Check: installed package size
Result: NOTE installed size is 10.0Mb sub-directories of 1Mb or more: doc 1.5Mb libs 7.2Mb Flavors: r-oldrel-macos-arm64, r-oldrel-macos-x86_64