CRAN Package Check Results for Package multicastR

Last updated on 2025-04-29 13:51:31 CEST.

Flavor Version Tinstall Tcheck Ttotal Status Flags
r-devel-linux-x86_64-debian-clang 2.0.0 1.62 18.05 19.67 NOTE
r-devel-linux-x86_64-debian-gcc 2.0.0 1.37 15.01 16.38 NOTE
r-devel-linux-x86_64-fedora-clang 2.0.0 30.44 OK
r-devel-linux-x86_64-fedora-gcc 2.0.0 30.94 OK
r-devel-windows-x86_64 2.0.0 3.00 38.00 41.00 OK
r-patched-linux-x86_64 2.0.0 1.73 17.15 18.88 OK
r-release-linux-x86_64 2.0.0 1.55 17.30 18.85 OK
r-release-macos-arm64 2.0.0 16.00 OK
r-release-macos-x86_64 2.0.0 30.00 OK
r-release-windows-x86_64 2.0.0 3.00 40.00 43.00 OK
r-oldrel-macos-arm64 2.0.0 14.00 NOTE
r-oldrel-macos-x86_64 2.0.0 26.00 NOTE
r-oldrel-windows-x86_64 2.0.0 2.00 36.00 38.00 NOTE

Check Details

Version: 2.0.0
Check: CRAN incoming feasibility
Result: NOTE Maintainer: ‘Nils Norman Schiborr <nils-norman.schiborr@uni-bamberg.de>’ Package CITATION file contains call(s) to old-style personList() or as.personList(). Please use c() on person objects instead. Package CITATION file contains call(s) to old-style citEntry(). Please use bibentry() instead. Flavors: r-devel-linux-x86_64-debian-clang, r-devel-linux-x86_64-debian-gcc

Version: 2.0.0
Check: LazyData
Result: NOTE 'LazyData' is specified without a 'data' directory Flavors: r-oldrel-macos-arm64, r-oldrel-macos-x86_64, r-oldrel-windows-x86_64