Last updated on 2025-04-29 13:51:31 CEST.
Flavor | Version | Tinstall | Tcheck | Ttotal | Status | Flags |
---|---|---|---|---|---|---|
r-devel-linux-x86_64-debian-clang | 0.1.1 | 5.35 | 50.81 | 56.16 | NOTE | |
r-devel-linux-x86_64-debian-gcc | 0.1.1 | 3.84 | 34.61 | 38.45 | NOTE | |
r-devel-linux-x86_64-fedora-clang | 0.1.1 | 91.21 | OK | |||
r-devel-linux-x86_64-fedora-gcc | 0.1.1 | 88.17 | OK | |||
r-devel-windows-x86_64 | 0.1.1 | 8.00 | 64.00 | 72.00 | OK | |
r-patched-linux-x86_64 | 0.1.1 | 5.77 | 47.58 | 53.35 | OK | |
r-release-linux-x86_64 | 0.1.1 | 4.94 | 47.78 | 52.72 | OK | |
r-release-macos-arm64 | 0.1.1 | 27.00 | OK | |||
r-release-macos-x86_64 | 0.1.1 | 54.00 | OK | |||
r-release-windows-x86_64 | 0.1.1 | 7.00 | 64.00 | 71.00 | OK | |
r-oldrel-macos-arm64 | 0.1.1 | 27.00 | OK | |||
r-oldrel-macos-x86_64 | 0.1.1 | 39.00 | OK | |||
r-oldrel-windows-x86_64 | 0.1.1 | 9.00 | 75.00 | 84.00 | OK |
Version: 0.1.1
Check: CRAN incoming feasibility
Result: NOTE
Maintainer: ‘Alexander Volkmann <alexandervolkmann8@gmail.com>’
The Description field contains
(multiFAMM), see Volkmann et al. (2021, <arXiv:2103.06606>). It builds
Please refer to arXiv e-prints via their arXiv DOI <doi:10.48550/arXiv.YYMM.NNNNN>.
Flavors: r-devel-linux-x86_64-debian-clang, r-devel-linux-x86_64-debian-gcc
Version: 0.1.1
Check: examples
Result: NOTE
Examples with CPU (user + system) or elapsed time > 5s
user system elapsed
multiFAMM 8.957 0.514 8.297
Flavor: r-devel-linux-x86_64-debian-clang
Version: 0.1.1
Check: examples
Result: NOTE
Examples with CPU (user + system) or elapsed time > 5s
user system elapsed
multiFAMM 5.978 0.311 6.673
Flavor: r-devel-linux-x86_64-debian-gcc