CRAN Package Check Results for Package multiness

Last updated on 2025-11-16 06:49:44 CET.

Flavor Version Tinstall Tcheck Ttotal Status Flags
r-devel-linux-x86_64-debian-clang 1.0.2 2.72 33.30 36.02 OK
r-devel-linux-x86_64-debian-gcc 1.0.2 2.30 25.04 27.34 NOTE
r-devel-linux-x86_64-fedora-clang 1.0.2 52.70 OK
r-devel-linux-x86_64-fedora-gcc 1.0.2 50.82 OK
r-devel-windows-x86_64 1.0.2 5.00 48.00 53.00 OK
r-patched-linux-x86_64 1.0.2 2.83 30.67 33.50 OK
r-release-linux-x86_64 1.0.2 2.35 29.79 32.14 OK
r-release-macos-arm64 1.0.2 1.00 28.00 29.00 OK
r-release-macos-x86_64 1.0.2 3.00 31.00 34.00 OK
r-release-windows-x86_64 1.0.2 5.00 48.00 53.00 OK
r-oldrel-macos-arm64 1.0.2 2.00 17.00 19.00 OK
r-oldrel-macos-x86_64 1.0.2 2.00 27.00 29.00 OK
r-oldrel-windows-x86_64 1.0.2 5.00 57.00 62.00 OK

Check Details

Version: 1.0.2
Check: CRAN incoming feasibility
Result: NOTE Maintainer: ‘Peter W. MacDonald <pwmacdon@umich.edu>’ The BugReports field in DESCRIPTION has https://github.com/peterwmacd/multiness/issues/ which should likely be https://github.com/peterwmacd/multiness/issues/issues instead. Flavor: r-devel-linux-x86_64-debian-gcc