Last updated on 2025-04-29 13:51:31 CEST.
Flavor | Version | Tinstall | Tcheck | Ttotal | Status | Flags |
---|---|---|---|---|---|---|
r-devel-linux-x86_64-debian-clang | 1.3 | 2.82 | 20.92 | 23.74 | NOTE | |
r-devel-linux-x86_64-debian-gcc | 1.3 | 2.46 | 15.98 | 18.44 | NOTE | |
r-devel-linux-x86_64-fedora-clang | 1.3 | 36.65 | OK | |||
r-devel-linux-x86_64-fedora-gcc | 1.3 | 36.37 | OK | |||
r-devel-windows-x86_64 | 1.3 | 6.00 | 43.00 | 49.00 | OK | |
r-patched-linux-x86_64 | 1.3 | 2.90 | 20.40 | 23.30 | OK | |
r-release-linux-x86_64 | 1.3 | 2.66 | 19.75 | 22.41 | OK | |
r-release-macos-arm64 | 1.3 | 20.00 | OK | |||
r-release-macos-x86_64 | 1.3 | 38.00 | OK | |||
r-release-windows-x86_64 | 1.3 | 6.00 | 44.00 | 50.00 | OK | |
r-oldrel-macos-arm64 | 1.3 | 16.00 | OK | |||
r-oldrel-macos-x86_64 | 1.3 | 25.00 | OK | |||
r-oldrel-windows-x86_64 | 1.3 | 6.00 | 40.00 | 46.00 | OK |
Version: 1.3
Check: CRAN incoming feasibility
Result: NOTE
Maintainer: ‘Adam Clark <adam.tclark@gmail.com>’
No Authors@R field in DESCRIPTION.
Please add one, modifying
Authors@R: person(given = "Adam",
family = "Clark",
role = c("aut", "cre"),
email = "adam.tclark@gmail.com")
as necessary.
Flavors: r-devel-linux-x86_64-debian-clang, r-devel-linux-x86_64-debian-gcc