Last updated on 2025-04-29 13:51:31 CEST.
Flavor | Version | Tinstall | Tcheck | Ttotal | Status | Flags |
---|---|---|---|---|---|---|
r-devel-linux-x86_64-debian-clang | 0.12.2 | 1.88 | 20.32 | 22.20 | NOTE | |
r-devel-linux-x86_64-debian-gcc | 0.12.2 | 1.63 | 16.16 | 17.79 | NOTE | |
r-devel-linux-x86_64-fedora-clang | 0.12.2 | 34.74 | OK | |||
r-devel-linux-x86_64-fedora-gcc | 0.12.2 | 34.34 | OK | |||
r-devel-windows-x86_64 | 0.12.2 | 3.00 | 39.00 | 42.00 | OK | |
r-patched-linux-x86_64 | 0.12.2 | 2.09 | 19.53 | 21.62 | OK | |
r-release-linux-x86_64 | 0.12.2 | 1.89 | 19.48 | 21.37 | OK | |
r-release-macos-arm64 | 0.12.2 | 18.00 | OK | |||
r-release-macos-x86_64 | 0.12.2 | 24.00 | OK | |||
r-release-windows-x86_64 | 0.12.2 | 3.00 | 41.00 | 44.00 | OK | |
r-oldrel-macos-arm64 | 0.12.2 | 15.00 | OK | |||
r-oldrel-macos-x86_64 | 0.12.2 | 25.00 | OK | |||
r-oldrel-windows-x86_64 | 0.12.2 | 3.00 | 38.00 | 41.00 | OK |
Version: 0.12.2
Check: CRAN incoming feasibility
Result: NOTE
Maintainer: ‘Fabian Krueger <Fabian.Krueger83@gmail.com>’
No Authors@R field in DESCRIPTION.
Please add one, modifying
Authors@R: c(person(given = "Alexander",
family = "Jordan",
role = "aut"),
person(given = "Fabian",
family = "Krueger",
role = c("aut", "cre"),
email = "fabian.krueger83@gmail.com"))
as necessary.
Flavors: r-devel-linux-x86_64-debian-clang, r-devel-linux-x86_64-debian-gcc