Last updated on 2025-04-29 13:51:31 CEST.
Flavor | Version | Tinstall | Tcheck | Ttotal | Status | Flags |
---|---|---|---|---|---|---|
r-devel-linux-x86_64-debian-clang | 0.1-10 | 2.57 | 168.67 | 171.24 | NOTE | |
r-devel-linux-x86_64-debian-gcc | 0.1-10 | 2.87 | 103.45 | 106.32 | NOTE | |
r-devel-linux-x86_64-fedora-clang | 0.1-10 | 284.63 | OK | |||
r-devel-linux-x86_64-fedora-gcc | 0.1-10 | 268.36 | OK | |||
r-devel-windows-x86_64 | 0.1-10 | 4.00 | 181.00 | 185.00 | OK | |
r-patched-linux-x86_64 | 0.1-10 | 4.03 | 164.25 | 168.28 | OK | |
r-release-linux-x86_64 | 0.1-10 | 3.71 | 166.67 | 170.38 | OK | |
r-release-macos-arm64 | 0.1-10 | 72.00 | OK | |||
r-release-macos-x86_64 | 0.1-10 | 158.00 | OK | |||
r-release-windows-x86_64 | 0.1-10 | 5.00 | 183.00 | 188.00 | OK | |
r-oldrel-macos-arm64 | 0.1-10 | 69.00 | OK | |||
r-oldrel-macos-x86_64 | 0.1-10 | 118.00 | OK | |||
r-oldrel-windows-x86_64 | 0.1-10 | 6.00 | 238.00 | 244.00 | OK |
Version: 0.1-10
Check: CRAN incoming feasibility
Result: NOTE
Maintainer: ‘Arne Henningsen <arne.henningsen@gmail.com>’
No Authors@R field in DESCRIPTION.
Please add one, modifying
Authors@R: person(given = "Arne",
family = "Henningsen",
role = c("aut", "cre"),
email = "arne.henningsen@gmail.com")
as necessary.
Flavors: r-devel-linux-x86_64-debian-clang, r-devel-linux-x86_64-debian-gcc
Version: 0.1-10
Check: examples
Result: NOTE
Examples with CPU (user + system) or elapsed time > 5s
user system elapsed
mvProbit 3.454 0.425 5.562
Flavor: r-devel-linux-x86_64-debian-clang