CRAN Package Check Results for Package mvoutlier

Last updated on 2025-04-29 13:51:31 CEST.

Flavor Version Tinstall Tcheck Ttotal Status Flags
r-devel-linux-x86_64-debian-clang 2.1.1 5.19 41.15 46.34 NOTE
r-devel-linux-x86_64-debian-gcc 2.1.1 3.11 30.44 33.55 NOTE
r-devel-linux-x86_64-fedora-clang 2.1.1 71.76 NOTE
r-devel-linux-x86_64-fedora-gcc 2.1.1 69.13 NOTE
r-devel-windows-x86_64 2.1.1 6.00 65.00 71.00 NOTE
r-patched-linux-x86_64 2.1.1 5.49 39.00 44.49 NOTE
r-release-linux-x86_64 2.1.1 4.35 39.09 43.44 NOTE
r-release-macos-arm64 2.1.1 26.00 NOTE
r-release-macos-x86_64 2.1.1 49.00 NOTE
r-release-windows-x86_64 2.1.1 7.00 62.00 69.00 NOTE
r-oldrel-macos-arm64 2.1.1 24.00 NOTE
r-oldrel-macos-x86_64 2.1.1 46.00 NOTE
r-oldrel-windows-x86_64 2.1.1 6.00 73.00 79.00 NOTE

Check Details

Version: 2.1.1
Check: CRAN incoming feasibility
Result: NOTE Maintainer: ‘P. Filzmoser <P.Filzmoser@tuwien.ac.at>’ No Authors@R field in DESCRIPTION. Please add one, modifying Authors@R: c(person(given = "Peter", family = "Filzmoser", role = "aut", email = "P.Filzmoser@tuwien.ac.at"), person(given = "Moritz", family = "Gschwandtner", role = "aut", email = "e0125439@student.tuwien.ac.at"), person(given = "P.", family = "Filzmoser", role = "cre", email = "P.Filzmoser@tuwien.ac.at")) as necessary. Flavors: r-devel-linux-x86_64-debian-clang, r-devel-linux-x86_64-debian-gcc

Version: 2.1.1
Check: Rd files
Result: NOTE checkRd: (-1) pkb.Rd:14: Escaped LaTeX specials: \# \# \# Flavors: r-devel-linux-x86_64-debian-clang, r-devel-linux-x86_64-debian-gcc, r-devel-linux-x86_64-fedora-clang, r-devel-linux-x86_64-fedora-gcc, r-devel-windows-x86_64, r-patched-linux-x86_64, r-release-linux-x86_64, r-release-macos-arm64, r-release-macos-x86_64, r-release-windows-x86_64, r-oldrel-macos-arm64, r-oldrel-macos-x86_64, r-oldrel-windows-x86_64