CRAN Package Check Results for Package mwa

Last updated on 2025-10-02 16:48:45 CEST.

Flavor Version Tinstall Tcheck Ttotal Status Flags
r-devel-linux-x86_64-debian-clang 0.4.4 6.44 58.12 64.56 NOTE
r-devel-linux-x86_64-debian-gcc 0.5.0 6.47 54.27 60.74 OK
r-devel-linux-x86_64-fedora-clang 0.5.0 96.77 OK
r-devel-linux-x86_64-fedora-gcc 0.5.0 93.57 OK
r-devel-windows-x86_64 0.5.0 7.00 71.00 78.00 OK
r-patched-linux-x86_64 0.5.0 6.63 52.46 59.09 OK
r-release-linux-x86_64 0.4.4 7.05 50.33 57.38 NOTE
r-release-macos-arm64 0.5.0 47.00 OK
r-release-macos-x86_64 0.5.0 129.00 OK
r-release-windows-x86_64 0.5.0 9.00 69.00 78.00 OK
r-oldrel-macos-arm64 0.4.4 42.00 OK
r-oldrel-macos-x86_64 0.5.0 123.00 OK
r-oldrel-windows-x86_64 0.5.0 9.00 77.00 86.00 OK

Check Details

Version: 0.4.4
Check: CRAN incoming feasibility
Result: NOTE Maintainer: ‘Sebastian Schutte <schuttesebastian@gmail.com>’ No Authors@R field in DESCRIPTION. Please add one, modifying Authors@R: c(person(given = "Sebastian", family = "Schutte", role = c("aut", "cre"), email = "schuttesebastian@gmail.com"), person(given = "Karsten", family = "Donnay", role = "aut")) as necessary. Flavor: r-devel-linux-x86_64-debian-clang

Version: 0.4.4
Check: Rd cross-references
Result: NOTE Found the following Rd file(s) with Rd \link{} targets missing package anchors: matchedwake.Rd: cem, att, glm.nb slideWakeMatch.Rd: cem, att, glm.nb Please provide package anchors for all Rd \link{} targets not in the package itself and the base packages. Flavors: r-devel-linux-x86_64-debian-clang, r-release-linux-x86_64