Last updated on 2025-07-05 13:48:30 CEST.
Flavor | Version | Tinstall | Tcheck | Ttotal | Status | Flags |
---|---|---|---|---|---|---|
r-devel-linux-x86_64-debian-clang | 0.0.1 | 10.36 | 71.86 | 82.22 | OK | |
r-devel-linux-x86_64-debian-gcc | 0.0.1 | 7.67 | 57.70 | 65.37 | OK | |
r-devel-linux-x86_64-fedora-clang | 0.0.1 | 123.12 | OK | |||
r-devel-linux-x86_64-fedora-gcc | 0.0.1 | 137.10 | OK | |||
r-devel-windows-x86_64 | 0.0.1 | 23.00 | 99.00 | 122.00 | OK | |
r-patched-linux-x86_64 | 0.0.1 | 10.59 | 69.71 | 80.30 | OK | |
r-release-linux-x86_64 | 0.0.1 | 11.95 | 68.48 | 80.43 | OK | |
r-release-macos-arm64 | 0.0.1 | 57.00 | OK | |||
r-release-macos-x86_64 | 0.0.1 | 108.00 | OK | |||
r-release-windows-x86_64 | 0.0.1 | 23.00 | 0.00 | 23.00 | FAIL | |
r-oldrel-macos-arm64 | 0.0.1 | 54.00 | NOTE | |||
r-oldrel-macos-x86_64 | 0.0.1 | 87.00 | NOTE | |||
r-oldrel-windows-x86_64 | 0.0.1 | 32.00 | 121.00 | 153.00 | OK |
Version: 0.0.1
Check: PDF version of manual
Result: FAIL
Check process probably crashed or hung up for 20 minutes ... killed
Most likely this happened in the example checks (?),
if not, ignore the following last lines of example output:
state county lake.id nhdhr.id lake.name
<chr> <chr> <chr> <chr> <chr>
1 wi fond_du_lac 8900 139268654 forest_lake
2 wi burnett 2638700 91678049 big_trade_l…
3 wi washburn 2451300 {AC03C0F2-2D44-4F50-8CF3-197E0EB7BF42} bass_lake
4 wi lincoln 1001000 70337825 long_lake
5 wi walworth 768800 121623090 lulu_lake
6 wi burnett 2677900 69546991 rice_lake
7 wi oneida 974200 70332655 buffalo_lake
8 wi vilas 1596300 70332033 little_sain…
9 wi oneida 2272600 77358136 buckskin_la…
10 wi ashland 1865200 74924197 mclaren_lake
>
>
>
> ### * <FOOTER>
> ###
> cleanEx()
> options(digits = 7L)
> base::cat("Time elapsed: ", proc.time() - base::get("ptime", pos = 'CheckExEnv'),"\n")
Time elapsed: 2.64 0.23 2.87 NA NA
> grDevices::dev.off()
null device
1
> ###
> ### Local variables: ***
> ### mode: outline-minor ***
> ### outline-regexp: "\\(> \\)?### [*]+" ***
> ### End: ***
> quit('no')
======== End of example output (where/before crash/hang up occured ?) ========
Flavor: r-release-windows-x86_64
Version: 0.0.1
Check: installed package size
Result: NOTE
installed size is 6.0Mb
sub-directories of 1Mb or more:
data 5.7Mb
Flavors: r-oldrel-macos-arm64, r-oldrel-macos-x86_64