Last updated on 2025-11-16 06:49:44 CET.
| Flavor | Version | Tinstall | Tcheck | Ttotal | Status | Flags |
|---|---|---|---|---|---|---|
| r-devel-linux-x86_64-debian-clang | 0.2.2-1 | 40.29 | 294.32 | 334.61 | OK | |
| r-devel-linux-x86_64-debian-gcc | 0.2.2-1 | 28.24 | 224.36 | 252.60 | NOTE | |
| r-devel-linux-x86_64-fedora-clang | 0.2.2-1 | 189.00 | 378.89 | 567.89 | OK | |
| r-devel-linux-x86_64-fedora-gcc | 0.2.2-1 | 87.00 | 424.75 | 511.75 | OK | |
| r-devel-windows-x86_64 | 0.2.2-1 | 43.00 | 268.00 | 311.00 | OK | |
| r-patched-linux-x86_64 | 0.2.2-1 | 38.93 | 289.60 | 328.53 | OK | |
| r-release-linux-x86_64 | 0.2.2-1 | 38.82 | 287.89 | 326.71 | OK | |
| r-release-macos-arm64 | 0.2.2-1 | 23.00 | 129.00 | 152.00 | OK | |
| r-release-macos-x86_64 | 0.2.2-1 | 38.00 | 142.00 | 180.00 | OK | |
| r-release-windows-x86_64 | 0.2.2-1 | 41.00 | 268.00 | 309.00 | OK | |
| r-oldrel-macos-arm64 | 0.2.2-1 | 21.00 | 98.00 | 119.00 | OK | |
| r-oldrel-macos-x86_64 | 0.2.2-1 | 33.00 | 219.00 | 252.00 | OK | |
| r-oldrel-windows-x86_64 | 0.2.2-1 | 60.00 | 362.00 | 422.00 | OK |
Version: 0.2.2-1
Check: CRAN incoming feasibility
Result: NOTE
Maintainer: ‘Alex Soupir <alex.soupir@moffitt.org>’
The BugReports field in DESCRIPTION has
https://github.com/julia-wrobel/mxfda/issues/
which should likely be
https://github.com/julia-wrobel/mxfda/issues/issues
instead.
Flavor: r-devel-linux-x86_64-debian-gcc