Last updated on 2025-04-29 13:51:31 CEST.
Flavor | Version | Tinstall | Tcheck | Ttotal | Status | Flags |
---|---|---|---|---|---|---|
r-devel-linux-x86_64-debian-clang | 1.1 | 2.99 | 22.90 | 25.89 | NOTE | |
r-devel-linux-x86_64-debian-gcc | 1.1 | 2.08 | 17.70 | 19.78 | NOTE | |
r-devel-linux-x86_64-fedora-clang | 1.1 | 40.37 | OK | |||
r-devel-linux-x86_64-fedora-gcc | 1.1 | 38.02 | OK | |||
r-devel-windows-x86_64 | 1.1 | 4.00 | 44.00 | 48.00 | OK | |
r-patched-linux-x86_64 | 1.1 | 2.64 | 22.08 | 24.72 | OK | |
r-release-linux-x86_64 | 1.1 | 2.67 | 21.94 | 24.61 | OK | |
r-release-macos-arm64 | 1.1 | 16.00 | OK | |||
r-release-macos-x86_64 | 1.1 | 30.00 | OK | |||
r-release-windows-x86_64 | 1.1 | 3.00 | 48.00 | 51.00 | OK | |
r-oldrel-macos-arm64 | 1.1 | 15.00 | OK | |||
r-oldrel-macos-x86_64 | 1.1 | 22.00 | OK | |||
r-oldrel-windows-x86_64 | 1.1 | 3.00 | 43.00 | 46.00 | OK |
Version: 1.1
Check: CRAN incoming feasibility
Result: NOTE
Maintainer: ‘S. Ramachandran<ramu@igib.in>’
No Authors@R field in DESCRIPTION.
Please add one, modifying
Authors@R: c(person(given = "Deepika",
family = "Kulshreshtha",
role = "aut"),
person(given = "Rupanjali",
family = "Chaudhuri",
role = "aut"),
person(given = "Surabhi",
family = "Seth",
role = "aut"),
person(given = "S.",
family = "Ramachandran",
role = c("aut", "cre"),
email = "ramu@igib.in"))
as necessary.
Flavors: r-devel-linux-x86_64-debian-clang, r-devel-linux-x86_64-debian-gcc