Last updated on 2025-11-16 06:49:44 CET.
| Flavor | Version | Tinstall | Tcheck | Ttotal | Status | Flags |
|---|---|---|---|---|---|---|
| r-devel-linux-x86_64-debian-clang | 1.4.0 | 16.06 | 67.40 | 83.46 | NOTE | |
| r-devel-linux-x86_64-debian-gcc | 1.4.0 | 12.16 | 44.37 | 56.53 | NOTE | |
| r-devel-linux-x86_64-fedora-clang | 1.4.0 | 36.00 | 104.43 | 140.43 | NOTE | |
| r-devel-linux-x86_64-fedora-gcc | 1.4.0 | 33.00 | 110.23 | 143.23 | NOTE | |
| r-devel-windows-x86_64 | 1.4.0 | 18.00 | 81.00 | 99.00 | NOTE | |
| r-patched-linux-x86_64 | 1.4.0 | 16.98 | 64.58 | 81.56 | NOTE | |
| r-release-linux-x86_64 | 1.4.0 | 15.28 | 64.58 | 79.86 | NOTE | |
| r-release-macos-arm64 | 1.4.0 | 6.00 | 32.00 | 38.00 | NOTE | |
| r-release-macos-x86_64 | 1.4.0 | 18.00 | 110.00 | 128.00 | NOTE | |
| r-release-windows-x86_64 | 1.4.0 | 16.00 | 82.00 | 98.00 | NOTE | |
| r-oldrel-macos-arm64 | 1.4.0 | 5.00 | 34.00 | 39.00 | NOTE | |
| r-oldrel-macos-x86_64 | 1.4.0 | 11.00 | 51.00 | 62.00 | NOTE | |
| r-oldrel-windows-x86_64 | 1.4.0 | 24.00 | 101.00 | 125.00 | NOTE |
Version: 1.4.0
Check: Rd files
Result: NOTE
checkRd: (-1) mzipmed_data.Rd:22: Lost braces; missing escapes or markup?
22 | @source {Simulated to serve as an example}
| ^
Flavors: r-devel-linux-x86_64-debian-clang, r-devel-linux-x86_64-debian-gcc, r-devel-linux-x86_64-fedora-clang, r-devel-linux-x86_64-fedora-gcc, r-devel-windows-x86_64, r-patched-linux-x86_64, r-release-linux-x86_64, r-release-macos-arm64, r-release-macos-x86_64, r-release-windows-x86_64, r-oldrel-macos-arm64, r-oldrel-macos-x86_64, r-oldrel-windows-x86_64