Last updated on 2025-05-18 14:49:20 CEST.
Flavor | Version | Tinstall | Tcheck | Ttotal | Status | Flags |
---|---|---|---|---|---|---|
r-devel-linux-x86_64-debian-clang | 1.4.0 | 17.68 | 66.99 | 84.67 | NOTE | |
r-devel-linux-x86_64-debian-gcc | 1.4.0 | 9.64 | 45.64 | 55.28 | NOTE | |
r-devel-linux-x86_64-fedora-clang | 1.4.0 | 139.51 | NOTE | |||
r-devel-linux-x86_64-fedora-gcc | 1.4.0 | 157.95 | NOTE | |||
r-devel-windows-x86_64 | 1.4.0 | 17.00 | 83.00 | 100.00 | NOTE | |
r-patched-linux-x86_64 | 1.4.0 | 16.85 | 63.05 | 79.90 | NOTE | |
r-release-linux-x86_64 | 1.4.0 | 17.37 | 64.16 | 81.53 | NOTE | |
r-release-macos-arm64 | 1.4.0 | 38.00 | NOTE | |||
r-release-macos-x86_64 | 1.4.0 | 128.00 | NOTE | |||
r-release-windows-x86_64 | 1.4.0 | 17.00 | 83.00 | 100.00 | NOTE | |
r-oldrel-macos-arm64 | 1.4.0 | 39.00 | NOTE | |||
r-oldrel-macos-x86_64 | 1.4.0 | 62.00 | NOTE | |||
r-oldrel-windows-x86_64 | 1.4.0 | 22.00 | 101.00 | 123.00 | NOTE |
Version: 1.4.0
Check: Rd files
Result: NOTE
checkRd: (-1) mzipmed_data.Rd:22: Lost braces; missing escapes or markup?
22 | @source {Simulated to serve as an example}
| ^
Flavors: r-devel-linux-x86_64-debian-clang, r-devel-linux-x86_64-debian-gcc, r-devel-linux-x86_64-fedora-clang, r-devel-linux-x86_64-fedora-gcc, r-devel-windows-x86_64, r-patched-linux-x86_64, r-release-linux-x86_64, r-release-macos-arm64, r-release-macos-x86_64, r-release-windows-x86_64, r-oldrel-macos-arm64, r-oldrel-macos-x86_64, r-oldrel-windows-x86_64