Last updated on 2025-11-16 06:49:45 CET.
| Flavor | Version | Tinstall | Tcheck | Ttotal | Status | Flags |
|---|---|---|---|---|---|---|
| r-devel-linux-x86_64-debian-clang | 2.1.0 | 9.07 | 97.01 | 106.08 | OK | |
| r-devel-linux-x86_64-debian-gcc | 2.1.0 | 6.37 | 67.80 | 74.17 | OK | |
| r-devel-linux-x86_64-fedora-clang | 2.1.0 | 21.00 | 139.96 | 160.96 | OK | |
| r-devel-linux-x86_64-fedora-gcc | 2.1.0 | 19.00 | 133.48 | 152.48 | OK | |
| r-devel-windows-x86_64 | 2.1.0 | 13.00 | 98.00 | 111.00 | OK | |
| r-patched-linux-x86_64 | 2.1.0 | 7.68 | 89.18 | 96.86 | OK | |
| r-release-linux-x86_64 | 2.1.0 | 9.26 | 89.46 | 98.72 | OK | |
| r-release-macos-arm64 | 2.1.0 | 5.00 | 61.00 | 66.00 | OK | |
| r-release-macos-x86_64 | 2.1.0 | 7.00 | 90.00 | 97.00 | OK | |
| r-release-windows-x86_64 | 2.1.0 | 11.00 | 95.00 | 106.00 | OK | |
| r-oldrel-macos-arm64 | 2.1.0 | 4.00 | 36.00 | 40.00 | NOTE | |
| r-oldrel-macos-x86_64 | 2.1.0 | 6.00 | 51.00 | 57.00 | NOTE | |
| r-oldrel-windows-x86_64 | 2.1.0 | 17.00 | 125.00 | 142.00 | NOTE |
Version: 2.1.0
Check: installed package size
Result: NOTE
installed size is 6.3Mb
Flavors: r-oldrel-macos-arm64, r-oldrel-macos-x86_64, r-oldrel-windows-x86_64