Last updated on 2025-05-17 07:50:26 CEST.
Flavor | Version | Tinstall | Tcheck | Ttotal | Status | Flags |
---|---|---|---|---|---|---|
r-devel-linux-x86_64-debian-clang | 1.5.3 | 103.03 | 474.44 | 577.47 | OK | |
r-devel-linux-x86_64-debian-gcc | 1.5.3 | 78.39 | 319.31 | 397.70 | OK | |
r-devel-linux-x86_64-fedora-clang | 1.5.3 | 923.99 | OK | |||
r-devel-linux-x86_64-fedora-gcc | 1.5.3 | 954.61 | OK | |||
r-devel-windows-x86_64 | 1.5.3 | 97.00 | 401.00 | 498.00 | OK | |
r-patched-linux-x86_64 | 1.5.3 | 96.42 | 445.86 | 542.28 | OK | |
r-release-linux-x86_64 | 1.5.3 | 100.82 | 447.38 | 548.20 | OK | |
r-release-macos-arm64 | 1.5.3 | 316.00 | OK | |||
r-release-macos-x86_64 | 1.5.3 | 508.00 | OK | |||
r-release-windows-x86_64 | 1.5.3 | 97.00 | 414.00 | 511.00 | OK | |
r-oldrel-macos-arm64 | 1.5.3 | 214.00 | NOTE | |||
r-oldrel-macos-x86_64 | 1.5.3 | 319.00 | NOTE | |||
r-oldrel-windows-x86_64 | 1.5.3 | 123.00 | 489.00 | 612.00 | OK |
Version: 1.5.3
Check: installed package size
Result: NOTE
installed size is 29.3Mb
sub-directories of 1Mb or more:
libs 27.6Mb
Flavors: r-oldrel-macos-arm64, r-oldrel-macos-x86_64