CRAN Package Check Results for Package needs

Last updated on 2025-04-29 13:51:32 CEST.

Flavor Version Tinstall Tcheck Ttotal Status Flags
r-devel-linux-x86_64-debian-clang 0.0.3 1.78 17.92 19.70 OK
r-devel-linux-x86_64-debian-gcc 0.0.3 1.46 14.36 15.82 OK
r-devel-linux-x86_64-fedora-clang 0.0.3 31.03 OK
r-devel-linux-x86_64-fedora-gcc 0.0.3 29.34 OK
r-devel-windows-x86_64 0.0.3 3.00 44.00 47.00 OK
r-patched-linux-x86_64 0.0.3 1.83 17.40 19.23 OK
r-release-linux-x86_64 0.0.3 1.77 17.37 19.14 OK
r-release-macos-arm64 0.0.3 15.00 OK
r-release-macos-x86_64 0.0.3 37.00 OK
r-release-windows-x86_64 0.0.3 2.00 55.00 57.00 OK
r-oldrel-macos-arm64 0.0.3 15.00 NOTE
r-oldrel-macos-x86_64 0.0.3 24.00 NOTE
r-oldrel-windows-x86_64 0.0.3 3.00 46.00 49.00 NOTE

Check Details

Version: 0.0.3
Check: LazyData
Result: NOTE 'LazyData' is specified without a 'data' directory Flavors: r-oldrel-macos-arm64, r-oldrel-macos-x86_64, r-oldrel-windows-x86_64