Last updated on 2025-04-30 13:54:21 CEST.
Flavor | Version | Tinstall | Tcheck | Ttotal | Status | Flags |
---|---|---|---|---|---|---|
r-devel-linux-x86_64-debian-clang | 0.3.1 | 7.48 | 62.54 | 70.02 | NOTE | |
r-devel-linux-x86_64-debian-gcc | 0.3.1 | 5.93 | 45.86 | 51.79 | NOTE | |
r-devel-linux-x86_64-fedora-clang | 0.3.1 | 106.87 | OK | |||
r-devel-linux-x86_64-fedora-gcc | 0.3.1 | 99.70 | OK | |||
r-devel-windows-x86_64 | 0.3.1 | 10.00 | 76.00 | 86.00 | OK | |
r-patched-linux-x86_64 | 0.3.1 | 7.52 | 57.11 | 64.63 | OK | |
r-release-linux-x86_64 | 0.3.1 | 7.54 | 57.16 | 64.70 | OK | |
r-release-macos-arm64 | 0.3.1 | 54.00 | OK | |||
r-release-macos-x86_64 | 0.3.1 | 58.00 | OK | |||
r-release-windows-x86_64 | 0.3.1 | 10.00 | 75.00 | 85.00 | OK | |
r-oldrel-macos-arm64 | 0.3.1 | 34.00 | OK | |||
r-oldrel-macos-x86_64 | 0.3.1 | 47.00 | OK | |||
r-oldrel-windows-x86_64 | 0.3.1 | 11.00 | 88.00 | 99.00 | OK |
Version: 0.3.1
Check: CRAN incoming feasibility
Result: NOTE
Maintainer: ‘Joseph Stachelek <stachel2@msu.edu>’
Package CITATION file contains call(s) to old-style personList() or
as.personList(). Please use c() on person objects instead.
Package CITATION file contains call(s) to old-style citEntry(). Please
use bibentry() instead.
Flavors: r-devel-linux-x86_64-debian-clang, r-devel-linux-x86_64-debian-gcc