Last updated on 2024-07-13 05:49:20 CEST.
Flavor | Version | Tinstall | Tcheck | Ttotal | Status | Flags |
---|---|---|---|---|---|---|
r-devel-linux-x86_64-debian-clang | 1.0.1 | 45.46 | 91.82 | 137.28 | OK | |
r-devel-linux-x86_64-debian-gcc | 1.0.1 | 33.28 | 69.38 | 102.66 | OK | |
r-devel-linux-x86_64-fedora-clang | 1.0.1 | 172.47 | OK | |||
r-devel-linux-x86_64-fedora-gcc | 1.0.1 | 181.49 | WARN | |||
r-devel-windows-x86_64 | 1.0.1 | 41.00 | 111.00 | 152.00 | OK | |
r-patched-linux-x86_64 | 1.0.1 | 40.42 | 88.61 | 129.03 | OK | |
r-release-linux-x86_64 | 1.0.1 | 44.77 | 87.89 | 132.66 | OK | |
r-release-macos-arm64 | 1.0.1 | 48.00 | OK | |||
r-release-macos-x86_64 | 1.0.1 | 73.00 | OK | |||
r-release-windows-x86_64 | 1.0.1 | 43.00 | 113.00 | 156.00 | OK | |
r-oldrel-macos-arm64 | 1.0.1 | 53.00 | OK | |||
r-oldrel-macos-x86_64 | 1.0.1 | 91.00 | OK | |||
r-oldrel-windows-x86_64 | 1.0.1 | 52.00 | 137.00 | 189.00 | OK |
Version: 1.0.1
Check: whether package can be installed
Result: WARN
Found the following significant warnings:
../inst/include/linalg/linalg.h:535:22: warning: template-id not allowed for constructor in C++20 [-Wtemplate-id-cdtor]
../inst/include/linalg/linalg.h:563:22: warning: template-id not allowed for constructor in C++20 [-Wtemplate-id-cdtor]
../inst/include/prox/fista.h:267:57: warning: template-id not allowed for constructor in C++20 [-Wtemplate-id-cdtor]
../inst/include/prox/fista.h:292:33: warning: template-id not allowed for constructor in C++20 [-Wtemplate-id-cdtor]
../inst/include/prox/fista.h:355:38: warning: template-id not allowed for constructor in C++20 [-Wtemplate-id-cdtor]
../inst/include/prox/fista.h:488:31: warning: template-id not allowed for constructor in C++20 [-Wtemplate-id-cdtor]
../inst/include/prox/fista.h:585:34: warning: template-id not allowed for constructor in C++20 [-Wtemplate-id-cdtor]
../inst/include/prox/fista.h:681:41: warning: template-id not allowed for constructor in C++20 [-Wtemplate-id-cdtor]
../inst/include/prox/fista.h:792:37: warning: template-id not allowed for constructor in C++20 [-Wtemplate-id-cdtor]
../inst/include/prox/fista.h:863:36: warning: template-id not allowed for constructor in C++20 [-Wtemplate-id-cdtor]
../inst/include/prox/fista.h:919:32: warning: template-id not allowed for constructor in C++20 [-Wtemplate-id-cdtor]
../inst/include/prox/fista.h:995:34: warning: template-id not allowed for constructor in C++20 [-Wtemplate-id-cdtor]
../inst/include/prox/fista.h:1073:37: warning: template-id not allowed for constructor in C++20 [-Wtemplate-id-cdtor]
../inst/include/prox/fista.h:1164:38: warning: template-id not allowed for constructor in C++20 [-Wtemplate-id-cdtor]
../inst/include/dictLearn/dicts.h:214:26: warning: template-id not allowed for constructor in C++20 [-Wtemplate-id-cdtor]
See ‘/data/gannet/ripley/R/packages/tests-devel/netcox.Rcheck/00install.out’ for details.
* used C++ compiler: ‘g++-14 (GCC) 14.1.0’
Flavor: r-devel-linux-x86_64-fedora-gcc