Last updated on 2025-04-29 13:51:32 CEST.
Flavor | Version | Tinstall | Tcheck | Ttotal | Status | Flags |
---|---|---|---|---|---|---|
r-devel-linux-x86_64-debian-clang | 1.0 | 2.10 | 23.98 | 26.08 | NOTE | |
r-devel-linux-x86_64-debian-gcc | 1.0 | 1.57 | 18.41 | 19.98 | NOTE | |
r-devel-linux-x86_64-fedora-clang | 1.0 | 43.57 | OK | |||
r-devel-linux-x86_64-fedora-gcc | 1.0 | 39.59 | OK | |||
r-devel-windows-x86_64 | 1.0 | 3.00 | 42.00 | 45.00 | OK | |
r-patched-linux-x86_64 | 1.0 | 2.21 | 23.25 | 25.46 | OK | |
r-release-linux-x86_64 | 1.0 | 1.86 | 22.98 | 24.84 | OK | |
r-release-macos-arm64 | 1.0 | 20.00 | OK | |||
r-release-macos-x86_64 | 1.0 | 33.00 | OK | |||
r-release-windows-x86_64 | 1.0 | 3.00 | 47.00 | 50.00 | OK | |
r-oldrel-macos-arm64 | 1.0 | 18.00 | OK | |||
r-oldrel-macos-x86_64 | 1.0 | 25.00 | OK | |||
r-oldrel-windows-x86_64 | 1.0 | 3.00 | 42.00 | 45.00 | OK |
Version: 1.0
Check: CRAN incoming feasibility
Result: NOTE
Maintainer: ‘Tianshi Lu <tianshi.lu@utsouthwestern.edu>’
No Authors@R field in DESCRIPTION.
Please add one, modifying
Authors@R: person(given = "Tianshi",
family = "Lu",
role = c("aut", "cre"),
email = "tianshi.lu@utsouthwestern.edu")
as necessary.
Flavors: r-devel-linux-x86_64-debian-clang, r-devel-linux-x86_64-debian-gcc