Last updated on 2025-05-17 07:50:26 CEST.
Flavor | Version | Tinstall | Tcheck | Ttotal | Status | Flags |
---|---|---|---|---|---|---|
r-devel-linux-x86_64-debian-clang | 0.1.0 | 8.67 | 167.56 | 176.23 | ERROR | |
r-devel-linux-x86_64-debian-gcc | 0.1.0 | 6.63 | 112.98 | 119.61 | OK | |
r-devel-linux-x86_64-fedora-clang | 0.1.0 | 281.57 | OK | |||
r-devel-linux-x86_64-fedora-gcc | 0.1.0 | 292.70 | OK | |||
r-devel-windows-x86_64 | 0.1.0 | 9.00 | 156.00 | 165.00 | OK | |
r-patched-linux-x86_64 | 0.1.0 | 8.47 | 157.09 | 165.56 | OK | |
r-release-linux-x86_64 | 0.1.0 | 8.41 | 156.24 | 164.65 | OK | |
r-release-macos-arm64 | 0.1.0 | 82.00 | OK | |||
r-release-macos-x86_64 | 0.1.0 | 176.00 | OK | |||
r-release-windows-x86_64 | 0.1.0 | 9.00 | 161.00 | 170.00 | OK | |
r-oldrel-macos-arm64 | 0.1.0 | 77.00 | OK | |||
r-oldrel-macos-x86_64 | 0.1.0 | 121.00 | OK | |||
r-oldrel-windows-x86_64 | 0.1.0 | 12.00 | 219.00 | 231.00 | OK |
Version: 0.1.0
Check: re-building of vignette outputs
Result: ERROR
Error(s) in re-building vignettes:
...
--- re-building ‘README.Rmd’ using rmarkdown
Quitting from README.Rmd:28-81 [example]
~~~~~~~~~~~~~~~~~~~~~~~~~~~~~~~~~~~~~~~~~~~~~~~~~~~~~~~~~~~~~~~~~~~~~~~~~~~~~~~~
<error/rlang_error>
Error in `1:indlft`:
! result would be too long a vector
---
Backtrace:
▆
1. └─newIMVC::IMVCFDR(...)
~~~~~~~~~~~~~~~~~~~~~~~~~~~~~~~~~~~~~~~~~~~~~~~~~~~~~~~~~~~~~~~~~~~~~~~~~~~~~~~~
Error: processing vignette 'README.Rmd' failed with diagnostics:
result would be too long a vector
--- failed re-building ‘README.Rmd’
SUMMARY: processing the following file failed:
‘README.Rmd’
Error: Vignette re-building failed.
Execution halted
Flavor: r-devel-linux-x86_64-debian-clang