CRAN Package Check Results for Package nhm

Last updated on 2025-05-18 01:50:35 CEST.

Flavor Version Tinstall Tcheck Ttotal Status Flags
r-devel-linux-x86_64-debian-clang 0.1.1 6.61 50.19 56.80 NOTE
r-devel-linux-x86_64-debian-gcc 0.1.1 4.50 36.37 40.87 NOTE
r-devel-linux-x86_64-fedora-clang 0.1.1 90.97 OK
r-devel-linux-x86_64-fedora-gcc 0.1.1 107.44 OK
r-devel-windows-x86_64 0.1.1 10.00 79.00 89.00 NOTE
r-patched-linux-x86_64 0.1.1 6.69 48.41 55.10 NOTE
r-release-linux-x86_64 0.1.1 6.16 47.92 54.08 NOTE
r-release-macos-arm64 0.1.1 46.00 OK
r-release-macos-x86_64 0.1.1 75.00 OK
r-release-windows-x86_64 0.1.1 9.00 99.00 108.00 NOTE
r-oldrel-macos-arm64 0.1.1 33.00 OK
r-oldrel-macos-x86_64 0.1.1 52.00 OK
r-oldrel-windows-x86_64 0.1.1 12.00 90.00 102.00 OK

Check Details

Version: 0.1.1
Check: Rd cross-references
Result: NOTE Found the following Rd file(s) with Rd \link{} targets missing package anchors: nhm.control.Rd: maxLik Please provide package anchors for all Rd \link{} targets not in the package itself and the base packages. Flavors: r-devel-linux-x86_64-debian-clang, r-devel-linux-x86_64-debian-gcc, r-devel-windows-x86_64, r-patched-linux-x86_64, r-release-linux-x86_64, r-release-windows-x86_64