Last updated on 2025-04-29 13:51:32 CEST.
Flavor | Version | Tinstall | Tcheck | Ttotal | Status | Flags |
---|---|---|---|---|---|---|
r-devel-linux-x86_64-debian-clang | 1.4.0 | 2.38 | 21.71 | 24.09 | NOTE | |
r-devel-linux-x86_64-debian-gcc | 1.4.0 | 1.76 | 17.42 | 19.18 | NOTE | |
r-devel-linux-x86_64-fedora-clang | 1.4.0 | 39.08 | OK | |||
r-devel-linux-x86_64-fedora-gcc | 1.4.0 | 36.61 | OK | |||
r-devel-windows-x86_64 | 1.4.0 | 4.00 | 49.00 | 53.00 | OK | |
r-patched-linux-x86_64 | 1.4.0 | 2.42 | 20.78 | 23.20 | OK | |
r-release-linux-x86_64 | 1.4.0 | 2.32 | 20.98 | 23.30 | OK | |
r-release-macos-arm64 | 1.4.0 | 19.00 | OK | |||
r-release-macos-x86_64 | 1.4.0 | 32.00 | OK | |||
r-release-windows-x86_64 | 1.4.0 | 3.00 | 62.00 | 65.00 | OK | |
r-oldrel-macos-arm64 | 1.4.0 | 16.00 | OK | |||
r-oldrel-macos-x86_64 | 1.4.0 | 25.00 | OK | |||
r-oldrel-windows-x86_64 | 1.4.0 | 3.00 | 45.00 | 48.00 | OK |
Version: 1.4.0
Check: CRAN incoming feasibility
Result: NOTE
Maintainer: ‘Giovanni Tramonti <giovanni.tramonti@ed.ac.uk>’
No Authors@R field in DESCRIPTION.
Please add one, modifying
Authors@R: person(given = "Giovanni",
family = "Tramonti",
role = c("aut", "cre"),
email = "giovanni.tramonti@ed.ac.uk")
as necessary.
Flavors: r-devel-linux-x86_64-debian-clang, r-devel-linux-x86_64-debian-gcc