CRAN Package Check Results for Package niaidMI

Last updated on 2025-07-08 20:49:52 CEST.

Flavor Version Tinstall Tcheck Ttotal Status Flags
r-devel-linux-x86_64-debian-clang 1.1.0 10.79 192.48 203.27 NOTE
r-devel-linux-x86_64-debian-gcc 1.1.0 7.41 111.54 118.95 NOTE
r-devel-linux-x86_64-fedora-clang 1.1.0 347.23 NOTE
r-devel-linux-x86_64-fedora-gcc 1.1.0 334.85 NOTE
r-devel-windows-x86_64 1.1.0 12.00 183.00 195.00 NOTE
r-patched-linux-x86_64 1.1.0 10.47 177.90 188.37 NOTE
r-release-linux-x86_64 1.1.0 10.16 182.00 192.16 NOTE
r-release-macos-arm64 1.1.0 84.00 NOTE
r-release-macos-x86_64 1.1.0 192.00 NOTE
r-release-windows-x86_64 1.1.0 14.00 188.00 202.00 NOTE
r-oldrel-macos-arm64 1.1.0 70.00 NOTE
r-oldrel-macos-x86_64 1.1.0 130.00 NOTE
r-oldrel-windows-x86_64 1.1.0 12.00 243.00 255.00 NOTE

Check Details

Version: 1.1.0
Check: Rd files
Result: NOTE checkRd: (-1) bootstrap_param_est.Rd:52: Lost braces in \itemize; meant \describe ? checkRd: (-1) bootstrap_param_est.Rd:53: Lost braces in \itemize; meant \describe ? checkRd: (-1) bootstrap_param_est.Rd:54: Lost braces in \itemize; meant \describe ? checkRd: (-1) get_emission.Rd:25: Lost braces in \itemize; meant \describe ? checkRd: (-1) get_emission.Rd:26: Lost braces in \itemize; meant \describe ? checkRd: (-1) get_emission.Rd:27: Lost braces in \itemize; meant \describe ? checkRd: (-1) impute.Rd:51: Lost braces in \itemize; meant \describe ? checkRd: (-1) impute.Rd:52: Lost braces in \itemize; meant \describe ? checkRd: (-1) impute.Rd:53: Lost braces in \itemize; meant \describe ? checkRd: (-1) impute_ref.Rd:54: Lost braces in \itemize; meant \describe ? checkRd: (-1) impute_ref.Rd:55: Lost braces in \itemize; meant \describe ? checkRd: (-1) impute_ref.Rd:56: Lost braces in \itemize; meant \describe ? checkRd: (-1) sim_data.Rd:42: Lost braces in \itemize; \value handles \item{}{} directly checkRd: (-1) sim_data.Rd:43: Lost braces in \itemize; \value handles \item{}{} directly checkRd: (-1) sim_data.Rd:44: Lost braces in \itemize; \value handles \item{}{} directly Flavors: r-devel-linux-x86_64-debian-clang, r-devel-linux-x86_64-debian-gcc, r-devel-linux-x86_64-fedora-clang, r-devel-linux-x86_64-fedora-gcc, r-devel-windows-x86_64, r-patched-linux-x86_64, r-release-linux-x86_64, r-release-macos-arm64, r-release-macos-x86_64, r-release-windows-x86_64, r-oldrel-macos-arm64, r-oldrel-macos-x86_64, r-oldrel-windows-x86_64