Last updated on 2025-05-17 07:50:26 CEST.
Flavor | Version | Tinstall | Tcheck | Ttotal | Status | Flags |
---|---|---|---|---|---|---|
r-devel-linux-x86_64-debian-clang | 0.6.2 | 5.84 | 54.36 | 60.20 | OK | |
r-devel-linux-x86_64-debian-gcc | 0.6.2 | 4.43 | 38.70 | 43.13 | OK | |
r-devel-linux-x86_64-fedora-clang | 0.6.2 | 94.57 | OK | |||
r-devel-linux-x86_64-fedora-gcc | 0.6.2 | 93.72 | OK | |||
r-devel-windows-x86_64 | 0.6.2 | 9.00 | 71.00 | 80.00 | OK | |
r-patched-linux-x86_64 | 0.6.2 | 5.22 | 49.23 | 54.45 | OK | |
r-release-linux-x86_64 | 0.6.2 | 5.61 | 49.60 | 55.21 | OK | |
r-release-macos-arm64 | 0.6.2 | 26.00 | OK | |||
r-release-macos-x86_64 | 0.6.2 | 44.00 | OK | |||
r-release-windows-x86_64 | 0.6.2 | 7.00 | 73.00 | 80.00 | OK | |
r-oldrel-macos-arm64 | 0.6.2 | 25.00 | NOTE | |||
r-oldrel-macos-x86_64 | 0.6.2 | 45.00 | NOTE | |||
r-oldrel-windows-x86_64 | 0.6.2 | 10.00 | 83.00 | 93.00 | NOTE |
Version: 0.6.2
Check: LazyData
Result: NOTE
'LazyData' is specified without a 'data' directory
Flavors: r-oldrel-macos-arm64, r-oldrel-macos-x86_64, r-oldrel-windows-x86_64