Last updated on 2025-11-16 06:49:45 CET.
| Flavor | Version | Tinstall | Tcheck | Ttotal | Status | Flags |
|---|---|---|---|---|---|---|
| r-devel-linux-x86_64-debian-clang | 4.0.1 | 6.98 | 90.28 | 97.26 | OK | |
| r-devel-linux-x86_64-debian-gcc | 4.0.1 | 6.25 | 65.57 | 71.82 | NOTE | |
| r-devel-linux-x86_64-fedora-clang | 4.0.1 | 17.00 | 132.30 | 149.30 | OK | |
| r-devel-linux-x86_64-fedora-gcc | 4.0.1 | 17.00 | 217.89 | 234.89 | OK | |
| r-devel-windows-x86_64 | 4.0.1 | 14.00 | 108.00 | 122.00 | OK | |
| r-patched-linux-x86_64 | 4.0.1 | 6.92 | 82.35 | 89.27 | OK | |
| r-release-linux-x86_64 | 4.0.1 | 7.95 | 82.97 | 90.92 | OK | |
| r-release-macos-arm64 | 4.0.1 | 4.00 | 30.00 | 34.00 | OK | |
| r-release-macos-x86_64 | 4.0.1 | 8.00 | 59.00 | 67.00 | OK | |
| r-release-windows-x86_64 | 4.0.1 | 13.00 | 107.00 | 120.00 | OK | |
| r-oldrel-macos-arm64 | 4.0.1 | 4.00 | 34.00 | 38.00 | OK | |
| r-oldrel-macos-x86_64 | 4.0.1 | 8.00 | 67.00 | 75.00 | OK | |
| r-oldrel-windows-x86_64 | 4.0.1 | 18.00 | 128.00 | 146.00 | OK |
Version: 4.0.1
Check: CRAN incoming feasibility
Result: NOTE
Maintainer: ‘Matthew Fidler <matthew.fidler@gmail.com>’
The BugReports field in DESCRIPTION has
https://github.com/nlmixr2/nlmixr2/issues/
which should likely be
https://github.com/nlmixr2/nlmixr2/issues/issues
instead.
Flavor: r-devel-linux-x86_64-debian-gcc