CRAN Package Check Results for Package nlmixr2data

Last updated on 2025-11-16 12:49:37 CET.

Flavor Version Tinstall Tcheck Ttotal Status Flags
r-devel-linux-x86_64-debian-clang 2.0.9 2.35 25.19 27.54 OK
r-devel-linux-x86_64-debian-gcc 2.0.9 2.07 20.96 23.03 NOTE
r-devel-linux-x86_64-fedora-clang 2.0.9 37.47 OK
r-devel-linux-x86_64-fedora-gcc 2.0.9 36.06 OK
r-devel-windows-x86_64 2.0.9 3.00 42.00 45.00 OK
r-patched-linux-x86_64 2.0.9 3.61 22.61 26.22 OK
r-release-linux-x86_64 2.0.9 2.08 22.48 24.56 OK
r-release-macos-arm64 2.0.9 2.00 16.00 18.00 OK
r-release-macos-x86_64 2.0.9 2.00 24.00 26.00 OK
r-release-windows-x86_64 2.0.9 4.00 41.00 45.00 OK
r-oldrel-macos-arm64 2.0.9 2.00 19.00 21.00 OK
r-oldrel-macos-x86_64 2.0.9 2.00 20.00 22.00 OK
r-oldrel-windows-x86_64 2.0.9 3.00 43.00 46.00 OK

Check Details

Version: 2.0.9
Check: CRAN incoming feasibility
Result: NOTE Maintainer: ‘Matthew Fidler <matthew.fidler@gmail.com>’ The BugReports field in DESCRIPTION has https://github.com/nlmixr2/nlmixr2data/issues/ which should likely be https://github.com/nlmixr2/nlmixr2data/issues/issues instead. Flavor: r-devel-linux-x86_64-debian-gcc