Last updated on 2025-11-16 12:49:37 CET.
| Flavor | Version | Tinstall | Tcheck | Ttotal | Status | Flags |
|---|---|---|---|---|---|---|
| r-devel-linux-x86_64-debian-clang | 3.0.3 | 8.17 | 277.21 | 285.38 | OK | |
| r-devel-linux-x86_64-debian-gcc | 3.0.3 | 5.91 | 201.11 | 207.02 | NOTE | |
| r-devel-linux-x86_64-fedora-clang | 3.0.3 | 20.00 | 425.41 | 445.41 | OK | |
| r-devel-linux-x86_64-fedora-gcc | 3.0.3 | 16.00 | 409.64 | 425.64 | OK | |
| r-devel-windows-x86_64 | 3.0.3 | 12.00 | 285.00 | 297.00 | OK | |
| r-patched-linux-x86_64 | 3.0.3 | 7.92 | 254.53 | 262.45 | OK | |
| r-release-linux-x86_64 | 3.0.3 | 8.01 | 256.64 | 264.65 | OK | |
| r-release-macos-arm64 | 3.0.3 | 4.00 | 77.00 | 81.00 | OK | |
| r-release-macos-x86_64 | 3.0.3 | 6.00 | 147.00 | 153.00 | OK | |
| r-release-windows-x86_64 | 3.0.3 | 11.00 | 294.00 | 305.00 | OK | |
| r-oldrel-macos-arm64 | 3.0.3 | 4.00 | 84.00 | 88.00 | OK | |
| r-oldrel-macos-x86_64 | 3.0.3 | 7.00 | 164.00 | 171.00 | OK | |
| r-oldrel-windows-x86_64 | 3.0.3 | 15.00 | 367.00 | 382.00 | OK |
Version: 3.0.3
Check: CRAN incoming feasibility
Result: NOTE
Maintainer: ‘Matthew Fidler <matthew.fidler@gmail.com>’
The BugReports field in DESCRIPTION has
https://github.com/nlmixr2/nlmixr2plot/issues/
which should likely be
https://github.com/nlmixr2/nlmixr2plot/issues/issues
instead.
Flavor: r-devel-linux-x86_64-debian-gcc