CRAN Package Check Results for Package nlrx

Last updated on 2025-11-16 06:49:45 CET.

Flavor Version Tinstall Tcheck Ttotal Status Flags
r-devel-linux-x86_64-debian-clang 0.4.5 6.74 119.91 126.65 OK
r-devel-linux-x86_64-debian-gcc 0.4.5 4.85 88.06 92.91 NOTE
r-devel-linux-x86_64-fedora-clang 0.4.5 31.00 172.67 203.67 OK
r-devel-linux-x86_64-fedora-gcc 0.4.5 14.00 188.37 202.37 OK
r-devel-windows-x86_64 0.4.5 16.00 153.00 169.00 OK
r-patched-linux-x86_64 0.4.5 7.84 112.32 120.16 OK
r-release-linux-x86_64 0.4.5 4.75 112.93 117.68 OK
r-release-macos-arm64 0.4.5 3.00 76.00 79.00 OK
r-release-macos-x86_64 0.4.5 6.00 123.00 129.00 OK
r-release-windows-x86_64 0.4.5 12.00 154.00 166.00 OK
r-oldrel-macos-arm64 0.4.5 3.00 73.00 76.00 OK
r-oldrel-macos-x86_64 0.4.5 5.00 91.00 96.00 OK
r-oldrel-windows-x86_64 0.4.5 13.00 186.00 199.00 OK

Check Details

Version: 0.4.5
Check: CRAN incoming feasibility
Result: NOTE Maintainer: ‘Sebastian Hanss <nlrx@mailbox.org>’ The BugReports field in DESCRIPTION has https://github.com/ropensci/nlrx/issues/ which should likely be https://github.com/ropensci/nlrx/issues/issues instead. Flavor: r-devel-linux-x86_64-debian-gcc